{"id":95,"date":"2023-05-07T01:07:34","date_gmt":"2023-05-07T01:07:34","guid":{"rendered":"https:\/\/thedailysocialist.com\/recuperacion\/?page_id=95"},"modified":"2023-05-07T01:07:34","modified_gmt":"2023-05-07T01:07:34","slug":"campanas","status":"publish","type":"page","link":"https:\/\/thedailysocialist.com\/recuperacion\/campanas\/","title":{"rendered":"CAMPA\u00d1AS"},"content":{"rendered":"\n<h1 class=\"wp-block-heading has-text-align-center\"><strong>CAMPA\u00d1AS<\/strong><\/h1>\n\n\n<ul class=\"wp-block-latest-posts__list is-grid columns-3 has-dates alignwide wp-block-latest-posts\"><li><div class=\"wp-block-latest-posts__featured-image\"><img loading=\"lazy\" decoding=\"async\" width=\"791\" height=\"1024\" src=\"https:\/\/thedailysocialist.com\/recuperacion\/wp-content\/uploads\/2023\/05\/TWOIMP2-1187x1536-1-791x1024.png\" class=\"attachment-large size-large wp-post-image\" alt=\"\" style=\"\" srcset=\"https:\/\/thedailysocialist.com\/recuperacion\/wp-content\/uploads\/2023\/05\/TWOIMP2-1187x1536-1-791x1024.png 791w, https:\/\/thedailysocialist.com\/recuperacion\/wp-content\/uploads\/2023\/05\/TWOIMP2-1187x1536-1-232x300.png 232w, https:\/\/thedailysocialist.com\/recuperacion\/wp-content\/uploads\/2023\/05\/TWOIMP2-1187x1536-1-768x994.png 768w, https:\/\/thedailysocialist.com\/recuperacion\/wp-content\/uploads\/2023\/05\/TWOIMP2-1187x1536-1.png 1187w\" sizes=\"auto, (max-width: 791px) 100vw, 791px\" \/><\/div><a class=\"wp-block-latest-posts__post-title\" href=\"https:\/\/thedailysocialist.com\/recuperacion\/2023\/04\/26\/por-un-1ro-de-mayo-obrero-socialista-e-internacionalista\/\">\u00a1Por un 1ro de Mayo Obrero, Socialista e Internacionalista!<\/a><time datetime=\"2023-04-26T00:07:00+00:00\" class=\"wp-block-latest-posts__post-date\">26 abril, 2023<\/time><div class=\"wp-block-latest-posts__post-excerpt\">Left Party (Izquierda Internacional) Hace casi 125 a\u00f1os atr\u00e1s, los socialistas lanzaron la iniciativa del 1ro. de mayo como un<p><a href=\"https:\/\/thedailysocialist.com\/recuperacion\/2023\/04\/26\/por-un-1ro-de-mayo-obrero-socialista-e-internacionalista\/\" class=\"more-link\">Continue reading<span class=\"screen-reader-text\">\u00a1Por un 1ro de Mayo Obrero, Socialista e Internacionalista!<\/span><\/a><\/p><\/div><\/li>\n<li><div class=\"wp-block-latest-posts__featured-image\"><img loading=\"lazy\" decoding=\"async\" width=\"720\" height=\"800\" src=\"https:\/\/thedailysocialist.com\/recuperacion\/wp-content\/uploads\/2023\/05\/8-de-marzo-dia-internacional-de-la-mujer-trabajadora-clasista-y-combativo-contra-el-fundamentalismo-y-el-feminicidio-copia-2.png\" class=\"attachment-large size-large wp-post-image\" alt=\"\" style=\"\" srcset=\"https:\/\/thedailysocialist.com\/recuperacion\/wp-content\/uploads\/2023\/05\/8-de-marzo-dia-internacional-de-la-mujer-trabajadora-clasista-y-combativo-contra-el-fundamentalismo-y-el-feminicidio-copia-2.png 720w, https:\/\/thedailysocialist.com\/recuperacion\/wp-content\/uploads\/2023\/05\/8-de-marzo-dia-internacional-de-la-mujer-trabajadora-clasista-y-combativo-contra-el-fundamentalismo-y-el-feminicidio-copia-2-270x300.png 270w\" sizes=\"auto, (max-width: 720px) 100vw, 720px\" \/><\/div><a class=\"wp-block-latest-posts__post-title\" href=\"https:\/\/thedailysocialist.com\/recuperacion\/2023\/03\/08\/8-de-marzo-a-seguir-el-ejemplo-de-las-mujeres-iranies-y-afganas-luchar-contra-el-fundamentalismo-y-el-feminicidio\/\">8 de marzo: A seguir el ejemplo de las mujeres iran\u00edes y afganas, luchar contra el fundamentalismo y el feminicidio<\/a><time datetime=\"2023-03-08T23:55:00+00:00\" class=\"wp-block-latest-posts__post-date\">8 marzo, 2023<\/time><div class=\"wp-block-latest-posts__post-excerpt\">Declaraci\u00f3n del D\u00eda de las Mujeres Trabajadoras El D\u00eda de la Mujer Trabajadora corresponde a una larga tradici\u00f3n de lucha,<p><a href=\"https:\/\/thedailysocialist.com\/recuperacion\/2023\/03\/08\/8-de-marzo-a-seguir-el-ejemplo-de-las-mujeres-iranies-y-afganas-luchar-contra-el-fundamentalismo-y-el-feminicidio\/\" class=\"more-link\">Continue reading<span class=\"screen-reader-text\">8 de marzo: A seguir el ejemplo de las mujeres iran\u00edes y afganas, luchar contra el fundamentalismo y el feminicidio<\/span><\/a><\/p><\/div><\/li>\n<li><div class=\"wp-block-latest-posts__featured-image\"><img loading=\"lazy\" decoding=\"async\" width=\"880\" height=\"645\" src=\"https:\/\/thedailysocialist.com\/recuperacion\/wp-content\/uploads\/2023\/05\/313851285_1165844187374827_4596513298264957925_n-1024x750.jpg\" class=\"attachment-large size-large wp-post-image\" alt=\"\" style=\"\" srcset=\"https:\/\/thedailysocialist.com\/recuperacion\/wp-content\/uploads\/2023\/05\/313851285_1165844187374827_4596513298264957925_n-1024x750.jpg 1024w, https:\/\/thedailysocialist.com\/recuperacion\/wp-content\/uploads\/2023\/05\/313851285_1165844187374827_4596513298264957925_n-300x220.jpg 300w, https:\/\/thedailysocialist.com\/recuperacion\/wp-content\/uploads\/2023\/05\/313851285_1165844187374827_4596513298264957925_n-768x563.jpg 768w, https:\/\/thedailysocialist.com\/recuperacion\/wp-content\/uploads\/2023\/05\/313851285_1165844187374827_4596513298264957925_n.jpg 1440w\" sizes=\"auto, (max-width: 880px) 100vw, 880px\" \/><\/div><a class=\"wp-block-latest-posts__post-title\" href=\"https:\/\/thedailysocialist.com\/recuperacion\/2022\/11\/03\/un-paso-adelante-en-la-lucha-contra-la-extincion-y-la-guerra\/\">Un paso adelante en la lucha contra la extinci\u00f3n y la guerra<\/a><time datetime=\"2022-11-03T05:50:00+00:00\" class=\"wp-block-latest-posts__post-date\">3 noviembre, 2022<\/time><div class=\"wp-block-latest-posts__post-excerpt\">Breve Informe de la Conferencia Mundial Marxista Revolucionaria Anti-extincionista en M\u00e9xico, octubre 28-29, 2022 Con m\u00e1s de 90 delegados y<p><a href=\"https:\/\/thedailysocialist.com\/recuperacion\/2022\/11\/03\/un-paso-adelante-en-la-lucha-contra-la-extincion-y-la-guerra\/\" class=\"more-link\">Continue reading<span class=\"screen-reader-text\">Un paso adelante en la lucha contra la extinci\u00f3n y la guerra<\/span><\/a><\/p><\/div><\/li>\n<li><div class=\"wp-block-latest-posts__featured-image\"><img loading=\"lazy\" decoding=\"async\" width=\"820\" height=\"312\" src=\"https:\/\/thedailysocialist.com\/recuperacion\/wp-content\/uploads\/2023\/05\/311599949_146637731409295_3247216172897210920_n-1.png\" class=\"attachment-large size-large wp-post-image\" alt=\"\" style=\"\" srcset=\"https:\/\/thedailysocialist.com\/recuperacion\/wp-content\/uploads\/2023\/05\/311599949_146637731409295_3247216172897210920_n-1.png 820w, https:\/\/thedailysocialist.com\/recuperacion\/wp-content\/uploads\/2023\/05\/311599949_146637731409295_3247216172897210920_n-1-300x114.png 300w, https:\/\/thedailysocialist.com\/recuperacion\/wp-content\/uploads\/2023\/05\/311599949_146637731409295_3247216172897210920_n-1-768x292.png 768w\" sizes=\"auto, (max-width: 820px) 100vw, 820px\" \/><\/div><a class=\"wp-block-latest-posts__post-title\" href=\"https:\/\/thedailysocialist.com\/recuperacion\/2022\/10\/21\/manifiesto-por-una-nueva-internacional-marxista-revolucionaria-y-anti-extincionista\/\">Manifiesto por una Nueva Internacional Marxista Revolucionaria y Anti-Extincionista<\/a><time datetime=\"2022-10-21T06:54:00+00:00\" class=\"wp-block-latest-posts__post-date\">21 octubre, 2022<\/time><div class=\"wp-block-latest-posts__post-excerpt\">Conferencia Internacional de Fundaci\u00f3n Ciudad de M\u00e9xico Octubre de 2022 #CambioClimatico #CrisisClim\u00e1tica #Revolucion #ColapsoCivilizatorio #Extinction #LuchaSocial #Socialismo #Comunismo #CalentamientoGlobal #Ecolog\u00eda<p><a href=\"https:\/\/thedailysocialist.com\/recuperacion\/2022\/10\/21\/manifiesto-por-una-nueva-internacional-marxista-revolucionaria-y-anti-extincionista\/\" class=\"more-link\">Continue reading<span class=\"screen-reader-text\">Manifiesto por una Nueva Internacional Marxista Revolucionaria y Anti-Extincionista<\/span><\/a><\/p><\/div><\/li>\n<li><div class=\"wp-block-latest-posts__featured-image\"><img loading=\"lazy\" decoding=\"async\" width=\"819\" height=\"1024\" src=\"https:\/\/thedailysocialist.com\/recuperacion\/wp-content\/uploads\/2023\/05\/311490139_598032142036169_1208181158619012966_n-819x1024.jpg\" class=\"attachment-large size-large wp-post-image\" alt=\"\" style=\"\" srcset=\"https:\/\/thedailysocialist.com\/recuperacion\/wp-content\/uploads\/2023\/05\/311490139_598032142036169_1208181158619012966_n-819x1024.jpg 819w, https:\/\/thedailysocialist.com\/recuperacion\/wp-content\/uploads\/2023\/05\/311490139_598032142036169_1208181158619012966_n-240x300.jpg 240w, https:\/\/thedailysocialist.com\/recuperacion\/wp-content\/uploads\/2023\/05\/311490139_598032142036169_1208181158619012966_n-768x960.jpg 768w, https:\/\/thedailysocialist.com\/recuperacion\/wp-content\/uploads\/2023\/05\/311490139_598032142036169_1208181158619012966_n.jpg 1080w\" sizes=\"auto, (max-width: 819px) 100vw, 819px\" \/><\/div><a class=\"wp-block-latest-posts__post-title\" href=\"https:\/\/thedailysocialist.com\/recuperacion\/2022\/10\/21\/carta-abierta-a-los-cientificos\/\">CARTA ABIERTA A LOS CIENT\u00cdFICOS<\/a><time datetime=\"2022-10-21T06:47:00+00:00\" class=\"wp-block-latest-posts__post-date\">21 octubre, 2022<\/time><div class=\"wp-block-latest-posts__post-excerpt\">Desde hace cerca de medio siglo, los cient\u00edficos, concretamente los relacionados al estudio del clima, lanzaron la alerta respecto a<p><a href=\"https:\/\/thedailysocialist.com\/recuperacion\/2022\/10\/21\/carta-abierta-a-los-cientificos\/\" class=\"more-link\">Continue reading<span class=\"screen-reader-text\">CARTA ABIERTA A LOS CIENT\u00cdFICOS<\/span><\/a><\/p><\/div><\/li>\n<li><div class=\"wp-block-latest-posts__featured-image\"><img loading=\"lazy\" decoding=\"async\" width=\"743\" height=\"960\" src=\"https:\/\/thedailysocialist.com\/recuperacion\/wp-content\/uploads\/2023\/05\/279644642_7543561709017835_7827063495393452234_n.jpg\" class=\"attachment-large size-large wp-post-image\" alt=\"\" style=\"\" srcset=\"https:\/\/thedailysocialist.com\/recuperacion\/wp-content\/uploads\/2023\/05\/279644642_7543561709017835_7827063495393452234_n.jpg 743w, https:\/\/thedailysocialist.com\/recuperacion\/wp-content\/uploads\/2023\/05\/279644642_7543561709017835_7827063495393452234_n-232x300.jpg 232w\" sizes=\"auto, (max-width: 743px) 100vw, 743px\" \/><\/div><a class=\"wp-block-latest-posts__post-title\" href=\"https:\/\/thedailysocialist.com\/recuperacion\/2022\/05\/01\/declaracion-del-1o-de-mayo-izquierda-internacional-left-party-oir-organizacion-de-izquierda-revolucionaria-y-socialismo-o-extincion-mexico\/\">Declaraci\u00f3n del 1o de Mayo Izquierda Internacional, Left Party, OIR, Organizacion de Izquierda Revolucionaria y Socialismo o Extinci\u00f3n \u2013 M\u00e9xico<\/a><time datetime=\"2022-05-01T05:53:00+00:00\" class=\"wp-block-latest-posts__post-date\">1 mayo, 2022<\/time><div class=\"wp-block-latest-posts__post-excerpt\">El 1\u00ba de Mayo es una fecha hist\u00f3rica para la clase obrera mundial. Desde la huelga general internacional por las<p><a href=\"https:\/\/thedailysocialist.com\/recuperacion\/2022\/05\/01\/declaracion-del-1o-de-mayo-izquierda-internacional-left-party-oir-organizacion-de-izquierda-revolucionaria-y-socialismo-o-extincion-mexico\/\" class=\"more-link\">Continue reading<span class=\"screen-reader-text\">Declaraci\u00f3n del 1o de Mayo Izquierda Internacional, Left Party, OIR, Organizacion de Izquierda Revolucionaria y Socialismo o Extinci\u00f3n \u2013 M\u00e9xico<\/span><\/a><\/p><\/div><\/li>\n<\/ul>","protected":false},"excerpt":{"rendered":"<p>CAMPA\u00d1AS<\/p>\n","protected":false},"author":1,"featured_media":0,"parent":0,"menu_order":0,"comment_status":"closed","ping_status":"closed","template":"","meta":{"footnotes":""},"class_list":["post-95","page","type-page","status-publish","hentry"],"_links":{"self":[{"href":"https:\/\/thedailysocialist.com\/recuperacion\/wp-json\/wp\/v2\/pages\/95","targetHints":{"allow":["GET"]}}],"collection":[{"href":"https:\/\/thedailysocialist.com\/recuperacion\/wp-json\/wp\/v2\/pages"}],"about":[{"href":"https:\/\/thedailysocialist.com\/recuperacion\/wp-json\/wp\/v2\/types\/page"}],"author":[{"embeddable":true,"href":"https:\/\/thedailysocialist.com\/recuperacion\/wp-json\/wp\/v2\/users\/1"}],"replies":[{"embeddable":true,"href":"https:\/\/thedailysocialist.com\/recuperacion\/wp-json\/wp\/v2\/comments?post=95"}],"version-history":[{"count":1,"href":"https:\/\/thedailysocialist.com\/recuperacion\/wp-json\/wp\/v2\/pages\/95\/revisions"}],"predecessor-version":[{"id":96,"href":"https:\/\/thedailysocialist.com\/recuperacion\/wp-json\/wp\/v2\/pages\/95\/revisions\/96"}],"wp:attachment":[{"href":"https:\/\/thedailysocialist.com\/recuperacion\/wp-json\/wp\/v2\/media?parent=95"}],"curies":[{"name":"wp","href":"https:\/\/api.w.org\/{rel}","templated":true}]}}

CAMPAÑAS

<h1 class="wp-block-heading has-text-align-center"><strong>CAMPAÑAS</strong></h1>


<ul class="wp-block-latest-posts__list is-grid columns-3 has-dates alignwide wp-block-latest-posts"><li><div class="wp-block-latest-posts__featured-image"><img loading="lazy" decoding="async" width="791" height="1024" src="https://thedailysocialist.com/recuperacion/wp-content/uploads/2023/05/TWOIMP2-1187x1536-1-791x1024.png" class="attachment-large size-large wp-post-image" alt="" style="" srcset="https://thedailysocialist.com/recuperacion/wp-content/uploads/2023/05/TWOIMP2-1187x1536-1-791x1024.png 791w, https://thedailysocialist.com/recuperacion/wp-content/uploads/2023/05/TWOIMP2-1187x1536-1-232x300.png 232w, https://thedailysocialist.com/recuperacion/wp-content/uploads/2023/05/TWOIMP2-1187x1536-1-768x994.png 768w, https://thedailysocialist.com/recuperacion/wp-content/uploads/2023/05/TWOIMP2-1187x1536-1.png 1187w" sizes="auto, (max-width: 791px) 100vw, 791px" /></div><a class="wp-block-latest-posts__post-title" href="https://thedailysocialist.com/recuperacion/2023/04/26/por-un-1ro-de-mayo-obrero-socialista-e-internacionalista/">¡Por un 1ro de Mayo Obrero, Socialista e Internacionalista!</a><time datetime="2023-04-26T00:07:00+00:00" class="wp-block-latest-posts__post-date">26 abril, 2023</time><div class="wp-block-latest-posts__post-excerpt">Left Party (Izquierda Internacional) Hace casi 125 años atrás, los socialistas lanzaron la iniciativa del 1ro. de mayo como un<p><a href="https://thedailysocialist.com/recuperacion/2023/04/26/por-un-1ro-de-mayo-obrero-socialista-e-internacionalista/" class="more-link">Continue reading<span class="screen-reader-text">¡Por un 1ro de Mayo Obrero, Socialista e Internacionalista!</span></a></p></div></li>
<li><div class="wp-block-latest-posts__featured-image"><img loading="lazy" decoding="async" width="720" height="800" src="https://thedailysocialist.com/recuperacion/wp-content/uploads/2023/05/8-de-marzo-dia-internacional-de-la-mujer-trabajadora-clasista-y-combativo-contra-el-fundamentalismo-y-el-feminicidio-copia-2.png" class="attachment-large size-large wp-post-image" alt="" style="" srcset="https://thedailysocialist.com/recuperacion/wp-content/uploads/2023/05/8-de-marzo-dia-internacional-de-la-mujer-trabajadora-clasista-y-combativo-contra-el-fundamentalismo-y-el-feminicidio-copia-2.png 720w, https://thedailysocialist.com/recuperacion/wp-content/uploads/2023/05/8-de-marzo-dia-internacional-de-la-mujer-trabajadora-clasista-y-combativo-contra-el-fundamentalismo-y-el-feminicidio-copia-2-270x300.png 270w" sizes="auto, (max-width: 720px) 100vw, 720px" /></div><a class="wp-block-latest-posts__post-title" href="https://thedailysocialist.com/recuperacion/2023/03/08/8-de-marzo-a-seguir-el-ejemplo-de-las-mujeres-iranies-y-afganas-luchar-contra-el-fundamentalismo-y-el-feminicidio/">8 de marzo: A seguir el ejemplo de las mujeres iraníes y afganas, luchar contra el fundamentalismo y el feminicidio</a><time datetime="2023-03-08T23:55:00+00:00" class="wp-block-latest-posts__post-date">8 marzo, 2023</time><div class="wp-block-latest-posts__post-excerpt">Declaración del Día de las Mujeres Trabajadoras El Día de la Mujer Trabajadora corresponde a una larga tradición de lucha,<p><a href="https://thedailysocialist.com/recuperacion/2023/03/08/8-de-marzo-a-seguir-el-ejemplo-de-las-mujeres-iranies-y-afganas-luchar-contra-el-fundamentalismo-y-el-feminicidio/" class="more-link">Continue reading<span class="screen-reader-text">8 de marzo: A seguir el ejemplo de las mujeres iraníes y afganas, luchar contra el fundamentalismo y el feminicidio</span></a></p></div></li>
<li><div class="wp-block-latest-posts__featured-image"><img loading="lazy" decoding="async" width="880" height="645" src="https://thedailysocialist.com/recuperacion/wp-content/uploads/2023/05/313851285_1165844187374827_4596513298264957925_n-1024x750.jpg" class="attachment-large size-large wp-post-image" alt="" style="" srcset="https://thedailysocialist.com/recuperacion/wp-content/uploads/2023/05/313851285_1165844187374827_4596513298264957925_n-1024x750.jpg 1024w, https://thedailysocialist.com/recuperacion/wp-content/uploads/2023/05/313851285_1165844187374827_4596513298264957925_n-300x220.jpg 300w, https://thedailysocialist.com/recuperacion/wp-content/uploads/2023/05/313851285_1165844187374827_4596513298264957925_n-768x563.jpg 768w, https://thedailysocialist.com/recuperacion/wp-content/uploads/2023/05/313851285_1165844187374827_4596513298264957925_n.jpg 1440w" sizes="auto, (max-width: 880px) 100vw, 880px" /></div><a class="wp-block-latest-posts__post-title" href="https://thedailysocialist.com/recuperacion/2022/11/03/un-paso-adelante-en-la-lucha-contra-la-extincion-y-la-guerra/">Un paso adelante en la lucha contra la extinción y la guerra</a><time datetime="2022-11-03T05:50:00+00:00" class="wp-block-latest-posts__post-date">3 noviembre, 2022</time><div class="wp-block-latest-posts__post-excerpt">Breve Informe de la Conferencia Mundial Marxista Revolucionaria Anti-extincionista en México, octubre 28-29, 2022 Con más de 90 delegados y<p><a href="https://thedailysocialist.com/recuperacion/2022/11/03/un-paso-adelante-en-la-lucha-contra-la-extincion-y-la-guerra/" class="more-link">Continue reading<span class="screen-reader-text">Un paso adelante en la lucha contra la extinción y la guerra</span></a></p></div></li>
<li><div class="wp-block-latest-posts__featured-image"><img loading="lazy" decoding="async" width="820" height="312" src="https://thedailysocialist.com/recuperacion/wp-content/uploads/2023/05/311599949_146637731409295_3247216172897210920_n-1.png" class="attachment-large size-large wp-post-image" alt="" style="" srcset="https://thedailysocialist.com/recuperacion/wp-content/uploads/2023/05/311599949_146637731409295_3247216172897210920_n-1.png 820w, https://thedailysocialist.com/recuperacion/wp-content/uploads/2023/05/311599949_146637731409295_3247216172897210920_n-1-300x114.png 300w, https://thedailysocialist.com/recuperacion/wp-content/uploads/2023/05/311599949_146637731409295_3247216172897210920_n-1-768x292.png 768w" sizes="auto, (max-width: 820px) 100vw, 820px" /></div><a class="wp-block-latest-posts__post-title" href="https://thedailysocialist.com/recuperacion/2022/10/21/manifiesto-por-una-nueva-internacional-marxista-revolucionaria-y-anti-extincionista/">Manifiesto por una Nueva Internacional Marxista Revolucionaria y Anti-Extincionista</a><time datetime="2022-10-21T06:54:00+00:00" class="wp-block-latest-posts__post-date">21 octubre, 2022</time><div class="wp-block-latest-posts__post-excerpt">Conferencia Internacional de Fundación Ciudad de México Octubre de 2022 #CambioClimatico #CrisisClimática #Revolucion #ColapsoCivilizatorio #Extinction #LuchaSocial #Socialismo #Comunismo #CalentamientoGlobal #Ecología<p><a href="https://thedailysocialist.com/recuperacion/2022/10/21/manifiesto-por-una-nueva-internacional-marxista-revolucionaria-y-anti-extincionista/" class="more-link">Continue reading<span class="screen-reader-text">Manifiesto por una Nueva Internacional Marxista Revolucionaria y Anti-Extincionista</span></a></p></div></li>
<li><div class="wp-block-latest-posts__featured-image"><img loading="lazy" decoding="async" width="819" height="1024" src="https://thedailysocialist.com/recuperacion/wp-content/uploads/2023/05/311490139_598032142036169_1208181158619012966_n-819x1024.jpg" class="attachment-large size-large wp-post-image" alt="" style="" srcset="https://thedailysocialist.com/recuperacion/wp-content/uploads/2023/05/311490139_598032142036169_1208181158619012966_n-819x1024.jpg 819w, https://thedailysocialist.com/recuperacion/wp-content/uploads/2023/05/311490139_598032142036169_1208181158619012966_n-240x300.jpg 240w, https://thedailysocialist.com/recuperacion/wp-content/uploads/2023/05/311490139_598032142036169_1208181158619012966_n-768x960.jpg 768w, https://thedailysocialist.com/recuperacion/wp-content/uploads/2023/05/311490139_598032142036169_1208181158619012966_n.jpg 1080w" sizes="auto, (max-width: 819px) 100vw, 819px" /></div><a class="wp-block-latest-posts__post-title" href="https://thedailysocialist.com/recuperacion/2022/10/21/carta-abierta-a-los-cientificos/">CARTA ABIERTA A LOS CIENTÍFICOS</a><time datetime="2022-10-21T06:47:00+00:00" class="wp-block-latest-posts__post-date">21 octubre, 2022</time><div class="wp-block-latest-posts__post-excerpt">Desde hace cerca de medio siglo, los científicos, concretamente los relacionados al estudio del clima, lanzaron la alerta respecto a<p><a href="https://thedailysocialist.com/recuperacion/2022/10/21/carta-abierta-a-los-cientificos/" class="more-link">Continue reading<span class="screen-reader-text">CARTA ABIERTA A LOS CIENTÍFICOS</span></a></p></div></li>
<li><div class="wp-block-latest-posts__featured-image"><img loading="lazy" decoding="async" width="743" height="960" src="https://thedailysocialist.com/recuperacion/wp-content/uploads/2023/05/279644642_7543561709017835_7827063495393452234_n.jpg" class="attachment-large size-large wp-post-image" alt="" style="" srcset="https://thedailysocialist.com/recuperacion/wp-content/uploads/2023/05/279644642_7543561709017835_7827063495393452234_n.jpg 743w, https://thedailysocialist.com/recuperacion/wp-content/uploads/2023/05/279644642_7543561709017835_7827063495393452234_n-232x300.jpg 232w" sizes="auto, (max-width: 743px) 100vw, 743px" /></div><a class="wp-block-latest-posts__post-title" href="https://thedailysocialist.com/recuperacion/2022/05/01/declaracion-del-1o-de-mayo-izquierda-internacional-left-party-oir-organizacion-de-izquierda-revolucionaria-y-socialismo-o-extincion-mexico/">Declaración del 1o de Mayo Izquierda Internacional, Left Party, OIR, Organizacion de Izquierda Revolucionaria y Socialismo o Extinción – México</a><time datetime="2022-05-01T05:53:00+00:00" class="wp-block-latest-posts__post-date">1 mayo, 2022</time><div class="wp-block-latest-posts__post-excerpt">El 1º de Mayo es una fecha histórica para la clase obrera mundial. Desde la huelga general internacional por las<p><a href="https://thedailysocialist.com/recuperacion/2022/05/01/declaracion-del-1o-de-mayo-izquierda-internacional-left-party-oir-organizacion-de-izquierda-revolucionaria-y-socialismo-o-extincion-mexico/" class="more-link">Continue reading<span class="screen-reader-text">Declaración del 1o de Mayo Izquierda Internacional, Left Party, OIR, Organizacion de Izquierda Revolucionaria y Socialismo o Extinción – México</span></a></p></div></li>
</ul>

<p>CAMPAÑAS</p>
