{"id":92,"date":"2023-05-07T00:55:10","date_gmt":"2023-05-07T00:55:10","guid":{"rendered":"https:\/\/thedailysocialist.com\/recuperacion\/?page_id=92"},"modified":"2023-05-07T00:55:10","modified_gmt":"2023-05-07T00:55:10","slug":"declaraciones","status":"publish","type":"page","link":"https:\/\/thedailysocialist.com\/recuperacion\/declaraciones\/","title":{"rendered":"DECLARACIONES"},"content":{"rendered":"\n<h1 class=\"wp-block-heading has-text-align-center\"><strong>DECLARACIONES<\/strong><\/h1>\n\n\n<ul class=\"wp-block-latest-posts__list is-grid columns-3 has-dates alignwide wp-block-latest-posts\"><li><div class=\"wp-block-latest-posts__featured-image\"><img loading=\"lazy\" decoding=\"async\" width=\"791\" height=\"1024\" src=\"https:\/\/thedailysocialist.com\/recuperacion\/wp-content\/uploads\/2023\/05\/TWOIMP2-1187x1536-1-791x1024.png\" class=\"attachment-large size-large wp-post-image\" alt=\"\" style=\"\" srcset=\"https:\/\/thedailysocialist.com\/recuperacion\/wp-content\/uploads\/2023\/05\/TWOIMP2-1187x1536-1-791x1024.png 791w, https:\/\/thedailysocialist.com\/recuperacion\/wp-content\/uploads\/2023\/05\/TWOIMP2-1187x1536-1-232x300.png 232w, https:\/\/thedailysocialist.com\/recuperacion\/wp-content\/uploads\/2023\/05\/TWOIMP2-1187x1536-1-768x994.png 768w, https:\/\/thedailysocialist.com\/recuperacion\/wp-content\/uploads\/2023\/05\/TWOIMP2-1187x1536-1.png 1187w\" sizes=\"auto, (max-width: 791px) 100vw, 791px\" \/><\/div><a class=\"wp-block-latest-posts__post-title\" href=\"https:\/\/thedailysocialist.com\/recuperacion\/2023\/04\/26\/por-un-1ro-de-mayo-obrero-socialista-e-internacionalista\/\">\u00a1Por un 1ro de Mayo Obrero, Socialista e Internacionalista!<\/a><time datetime=\"2023-04-26T00:07:00+00:00\" class=\"wp-block-latest-posts__post-date\">26 abril, 2023<\/time><div class=\"wp-block-latest-posts__post-excerpt\">Left Party (Izquierda Internacional) Hace casi 125 a\u00f1os atr\u00e1s, los socialistas lanzaron la iniciativa del 1ro. de mayo como un<p><a href=\"https:\/\/thedailysocialist.com\/recuperacion\/2023\/04\/26\/por-un-1ro-de-mayo-obrero-socialista-e-internacionalista\/\" class=\"more-link\">Continue reading<span class=\"screen-reader-text\">\u00a1Por un 1ro de Mayo Obrero, Socialista e Internacionalista!<\/span><\/a><\/p><\/div><\/li>\n<li><div class=\"wp-block-latest-posts__featured-image\"><img loading=\"lazy\" decoding=\"async\" width=\"720\" height=\"800\" src=\"https:\/\/thedailysocialist.com\/recuperacion\/wp-content\/uploads\/2023\/05\/8-de-marzo-dia-internacional-de-la-mujer-trabajadora-clasista-y-combativo-contra-el-fundamentalismo-y-el-feminicidio-copia-2.png\" class=\"attachment-large size-large wp-post-image\" alt=\"\" style=\"\" srcset=\"https:\/\/thedailysocialist.com\/recuperacion\/wp-content\/uploads\/2023\/05\/8-de-marzo-dia-internacional-de-la-mujer-trabajadora-clasista-y-combativo-contra-el-fundamentalismo-y-el-feminicidio-copia-2.png 720w, https:\/\/thedailysocialist.com\/recuperacion\/wp-content\/uploads\/2023\/05\/8-de-marzo-dia-internacional-de-la-mujer-trabajadora-clasista-y-combativo-contra-el-fundamentalismo-y-el-feminicidio-copia-2-270x300.png 270w\" sizes=\"auto, (max-width: 720px) 100vw, 720px\" \/><\/div><a class=\"wp-block-latest-posts__post-title\" href=\"https:\/\/thedailysocialist.com\/recuperacion\/2023\/03\/08\/8-de-marzo-a-seguir-el-ejemplo-de-las-mujeres-iranies-y-afganas-luchar-contra-el-fundamentalismo-y-el-feminicidio\/\">8 de marzo: A seguir el ejemplo de las mujeres iran\u00edes y afganas, luchar contra el fundamentalismo y el feminicidio<\/a><time datetime=\"2023-03-08T23:55:00+00:00\" class=\"wp-block-latest-posts__post-date\">8 marzo, 2023<\/time><div class=\"wp-block-latest-posts__post-excerpt\">Declaraci\u00f3n del D\u00eda de las Mujeres Trabajadoras El D\u00eda de la Mujer Trabajadora corresponde a una larga tradici\u00f3n de lucha,<p><a href=\"https:\/\/thedailysocialist.com\/recuperacion\/2023\/03\/08\/8-de-marzo-a-seguir-el-ejemplo-de-las-mujeres-iranies-y-afganas-luchar-contra-el-fundamentalismo-y-el-feminicidio\/\" class=\"more-link\">Continue reading<span class=\"screen-reader-text\">8 de marzo: A seguir el ejemplo de las mujeres iran\u00edes y afganas, luchar contra el fundamentalismo y el feminicidio<\/span><\/a><\/p><\/div><\/li>\n<li><div class=\"wp-block-latest-posts__featured-image\"><img loading=\"lazy\" decoding=\"async\" width=\"880\" height=\"660\" src=\"https:\/\/thedailysocialist.com\/recuperacion\/wp-content\/uploads\/2023\/05\/izquierda-internacional.jpg\" class=\"attachment-large size-large wp-post-image\" alt=\"\" style=\"\" srcset=\"https:\/\/thedailysocialist.com\/recuperacion\/wp-content\/uploads\/2023\/05\/izquierda-internacional.jpg 1024w, https:\/\/thedailysocialist.com\/recuperacion\/wp-content\/uploads\/2023\/05\/izquierda-internacional-300x225.jpg 300w, https:\/\/thedailysocialist.com\/recuperacion\/wp-content\/uploads\/2023\/05\/izquierda-internacional-768x576.jpg 768w, https:\/\/thedailysocialist.com\/recuperacion\/wp-content\/uploads\/2023\/05\/izquierda-internacional-440x330.jpg 440w, https:\/\/thedailysocialist.com\/recuperacion\/wp-content\/uploads\/2023\/05\/izquierda-internacional-920x690.jpg 920w\" sizes=\"auto, (max-width: 880px) 100vw, 880px\" \/><\/div><a class=\"wp-block-latest-posts__post-title\" href=\"https:\/\/thedailysocialist.com\/recuperacion\/2023\/02\/08\/peru-los-obreros-y-campesinos-deben-luchar-por-el-poder-para-evitar-la-derrota\/\">Per\u00fa: Los obreros y campesinos deben luchar por el poder para evitar la derrota<\/a><time datetime=\"2023-02-08T07:29:00+00:00\" class=\"wp-block-latest-posts__post-date\">8 febrero, 2023<\/time><div class=\"wp-block-latest-posts__post-excerpt\">Declaraci\u00f3n de Izquierda Internacional A 50 d\u00edas de la destituci\u00f3n de Castillo el gobierno genocida instalado en Per\u00fa ha asesinado<p><a href=\"https:\/\/thedailysocialist.com\/recuperacion\/2023\/02\/08\/peru-los-obreros-y-campesinos-deben-luchar-por-el-poder-para-evitar-la-derrota\/\" class=\"more-link\">Continue reading<span class=\"screen-reader-text\">Per\u00fa: Los obreros y campesinos deben luchar por el poder para evitar la derrota<\/span><\/a><\/p><\/div><\/li>\n<li><div class=\"wp-block-latest-posts__featured-image\"><img loading=\"lazy\" decoding=\"async\" width=\"880\" height=\"660\" src=\"https:\/\/thedailysocialist.com\/recuperacion\/wp-content\/uploads\/2023\/05\/BOLIVIA-Basta-de-soportar-peleas-interburguesas-entre-camachistas-y-masistas.jpg\" class=\"attachment-large size-large wp-post-image\" alt=\"\" style=\"\" srcset=\"https:\/\/thedailysocialist.com\/recuperacion\/wp-content\/uploads\/2023\/05\/BOLIVIA-Basta-de-soportar-peleas-interburguesas-entre-camachistas-y-masistas.jpg 1024w, https:\/\/thedailysocialist.com\/recuperacion\/wp-content\/uploads\/2023\/05\/BOLIVIA-Basta-de-soportar-peleas-interburguesas-entre-camachistas-y-masistas-300x225.jpg 300w, https:\/\/thedailysocialist.com\/recuperacion\/wp-content\/uploads\/2023\/05\/BOLIVIA-Basta-de-soportar-peleas-interburguesas-entre-camachistas-y-masistas-768x576.jpg 768w, https:\/\/thedailysocialist.com\/recuperacion\/wp-content\/uploads\/2023\/05\/BOLIVIA-Basta-de-soportar-peleas-interburguesas-entre-camachistas-y-masistas-440x330.jpg 440w, https:\/\/thedailysocialist.com\/recuperacion\/wp-content\/uploads\/2023\/05\/BOLIVIA-Basta-de-soportar-peleas-interburguesas-entre-camachistas-y-masistas-920x690.jpg 920w\" sizes=\"auto, (max-width: 880px) 100vw, 880px\" \/><\/div><a class=\"wp-block-latest-posts__post-title\" href=\"https:\/\/thedailysocialist.com\/recuperacion\/2023\/01\/22\/bolivia-basta-de-soportar-peleas-interburguesas-entre-camachistas-y-masistas\/\">BOLIVIA: \u00a1Basta de soportar peleas interburguesas entre camachistas y masistas!<\/a><time datetime=\"2023-01-22T07:16:00+00:00\" class=\"wp-block-latest-posts__post-date\">22 enero, 2023<\/time><div class=\"wp-block-latest-posts__post-excerpt\">#Bolivia Mientras que el presidente del Comit\u00e9 Pro Santa Cruz, R\u00f3mulo Calvo, habla de la realizaci\u00f3n de un cabildo nacional<p><a href=\"https:\/\/thedailysocialist.com\/recuperacion\/2023\/01\/22\/bolivia-basta-de-soportar-peleas-interburguesas-entre-camachistas-y-masistas\/\" class=\"more-link\">Continue reading<span class=\"screen-reader-text\">BOLIVIA: \u00a1Basta de soportar peleas interburguesas entre camachistas y masistas!<\/span><\/a><\/p><\/div><\/li>\n<li><div class=\"wp-block-latest-posts__featured-image\"><img loading=\"lazy\" decoding=\"async\" width=\"880\" height=\"660\" src=\"https:\/\/thedailysocialist.com\/recuperacion\/wp-content\/uploads\/2023\/05\/Peru-solo-la-revolucion-terminara-con-la-explotacion-y-la-decadencia-1.jpg\" class=\"attachment-large size-large wp-post-image\" alt=\"\" style=\"\" srcset=\"https:\/\/thedailysocialist.com\/recuperacion\/wp-content\/uploads\/2023\/05\/Peru-solo-la-revolucion-terminara-con-la-explotacion-y-la-decadencia-1.jpg 1024w, https:\/\/thedailysocialist.com\/recuperacion\/wp-content\/uploads\/2023\/05\/Peru-solo-la-revolucion-terminara-con-la-explotacion-y-la-decadencia-1-300x225.jpg 300w, https:\/\/thedailysocialist.com\/recuperacion\/wp-content\/uploads\/2023\/05\/Peru-solo-la-revolucion-terminara-con-la-explotacion-y-la-decadencia-1-768x576.jpg 768w, https:\/\/thedailysocialist.com\/recuperacion\/wp-content\/uploads\/2023\/05\/Peru-solo-la-revolucion-terminara-con-la-explotacion-y-la-decadencia-1-440x330.jpg 440w, https:\/\/thedailysocialist.com\/recuperacion\/wp-content\/uploads\/2023\/05\/Peru-solo-la-revolucion-terminara-con-la-explotacion-y-la-decadencia-1-920x690.jpg 920w\" sizes=\"auto, (max-width: 880px) 100vw, 880px\" \/><\/div><a class=\"wp-block-latest-posts__post-title\" href=\"https:\/\/thedailysocialist.com\/recuperacion\/2022\/12\/23\/peru-solo-la-revolucion-terminara-con-la-explotacion-y-la-decadencia-economica-y-social\/\">Per\u00fa: s\u00f3lo la revoluci\u00f3n terminar\u00e1 con la explotaci\u00f3n y la decadencia econ\u00f3mica y social<\/a><time datetime=\"2022-12-23T07:08:00+00:00\" class=\"wp-block-latest-posts__post-date\">23 diciembre, 2022<\/time><div class=\"wp-block-latest-posts__post-excerpt\">Hace unos d\u00edas el presidente Pedro Castillo intent\u00f3 disolver el Congreso del Per\u00fa dominado por los partidos de derecha y<p><a href=\"https:\/\/thedailysocialist.com\/recuperacion\/2022\/12\/23\/peru-solo-la-revolucion-terminara-con-la-explotacion-y-la-decadencia-economica-y-social\/\" class=\"more-link\">Continue reading<span class=\"screen-reader-text\">Per\u00fa: s\u00f3lo la revoluci\u00f3n terminar\u00e1 con la explotaci\u00f3n y la decadencia econ\u00f3mica y social<\/span><\/a><\/p><\/div><\/li>\n<li><div class=\"wp-block-latest-posts__featured-image\"><img loading=\"lazy\" decoding=\"async\" width=\"880\" height=\"660\" src=\"https:\/\/thedailysocialist.com\/recuperacion\/wp-content\/uploads\/2023\/05\/gano-lula-siguen-perdiendo-los-trabajadores-brasil.jpg\" class=\"attachment-large size-large wp-post-image\" alt=\"\" style=\"\" srcset=\"https:\/\/thedailysocialist.com\/recuperacion\/wp-content\/uploads\/2023\/05\/gano-lula-siguen-perdiendo-los-trabajadores-brasil.jpg 1024w, https:\/\/thedailysocialist.com\/recuperacion\/wp-content\/uploads\/2023\/05\/gano-lula-siguen-perdiendo-los-trabajadores-brasil-300x225.jpg 300w, https:\/\/thedailysocialist.com\/recuperacion\/wp-content\/uploads\/2023\/05\/gano-lula-siguen-perdiendo-los-trabajadores-brasil-768x576.jpg 768w, https:\/\/thedailysocialist.com\/recuperacion\/wp-content\/uploads\/2023\/05\/gano-lula-siguen-perdiendo-los-trabajadores-brasil-440x330.jpg 440w, https:\/\/thedailysocialist.com\/recuperacion\/wp-content\/uploads\/2023\/05\/gano-lula-siguen-perdiendo-los-trabajadores-brasil-920x690.jpg 920w\" sizes=\"auto, (max-width: 880px) 100vw, 880px\" \/><\/div><a class=\"wp-block-latest-posts__post-title\" href=\"https:\/\/thedailysocialist.com\/recuperacion\/2022\/12\/11\/gano-lula-siguen-perdiendo-los-trabajadores\/\">Gan\u00f3 Lula, siguen perdiendo los trabajadores<\/a><time datetime=\"2022-12-11T07:02:00+00:00\" class=\"wp-block-latest-posts__post-date\">11 diciembre, 2022<\/time><div class=\"wp-block-latest-posts__post-excerpt\">\u00a1Abajo el plan de ajuste de&nbsp;#Lula! \u00a1aplastemos en las calles a la ultraderecha! \u00a1por la organizaci\u00f3n independiente y revolucionaria! E<p><a href=\"https:\/\/thedailysocialist.com\/recuperacion\/2022\/12\/11\/gano-lula-siguen-perdiendo-los-trabajadores\/\" class=\"more-link\">Continue reading<span class=\"screen-reader-text\">Gan\u00f3 Lula, siguen perdiendo los trabajadores<\/span><\/a><\/p><\/div><\/li>\n<li><div class=\"wp-block-latest-posts__featured-image\"><img loading=\"lazy\" decoding=\"async\" width=\"880\" height=\"660\" src=\"https:\/\/thedailysocialist.com\/recuperacion\/wp-content\/uploads\/2023\/05\/COP-27-la-extincion-debe-continuar-Izquierda-internacional.jpg\" class=\"attachment-large size-large wp-post-image\" alt=\"\" style=\"\" srcset=\"https:\/\/thedailysocialist.com\/recuperacion\/wp-content\/uploads\/2023\/05\/COP-27-la-extincion-debe-continuar-Izquierda-internacional.jpg 1024w, https:\/\/thedailysocialist.com\/recuperacion\/wp-content\/uploads\/2023\/05\/COP-27-la-extincion-debe-continuar-Izquierda-internacional-300x225.jpg 300w, https:\/\/thedailysocialist.com\/recuperacion\/wp-content\/uploads\/2023\/05\/COP-27-la-extincion-debe-continuar-Izquierda-internacional-768x576.jpg 768w, https:\/\/thedailysocialist.com\/recuperacion\/wp-content\/uploads\/2023\/05\/COP-27-la-extincion-debe-continuar-Izquierda-internacional-440x330.jpg 440w, https:\/\/thedailysocialist.com\/recuperacion\/wp-content\/uploads\/2023\/05\/COP-27-la-extincion-debe-continuar-Izquierda-internacional-920x690.jpg 920w\" sizes=\"auto, (max-width: 880px) 100vw, 880px\" \/><\/div><a class=\"wp-block-latest-posts__post-title\" href=\"https:\/\/thedailysocialist.com\/recuperacion\/2022\/11\/30\/cop-27-the-extinction-must-go-on-la-extincion-debe-continuar\/\">COP 27: The extinction must go on&#8230; [La extinci\u00f3n debe continuar]<\/a><time datetime=\"2022-11-30T06:35:00+00:00\" class=\"wp-block-latest-posts__post-date\">30 noviembre, 2022<\/time><div class=\"wp-block-latest-posts__post-excerpt\">Ni una palabra sobre la eliminaci\u00f3n de la producci\u00f3n de combustibles f\u00f3siles Termin\u00f3 el COP27. Se apagaron las luces. Bajaron<p><a href=\"https:\/\/thedailysocialist.com\/recuperacion\/2022\/11\/30\/cop-27-the-extinction-must-go-on-la-extincion-debe-continuar\/\" class=\"more-link\">Continue reading<span class=\"screen-reader-text\">COP 27: The extinction must go on&#8230; [La extinci\u00f3n debe continuar]<\/span><\/a><\/p><\/div><\/li>\n<li><div class=\"wp-block-latest-posts__featured-image\"><img loading=\"lazy\" decoding=\"async\" width=\"880\" height=\"660\" src=\"https:\/\/thedailysocialist.com\/recuperacion\/wp-content\/uploads\/2023\/05\/Copia-de-Diseno-sin-titulo.png\" class=\"attachment-large size-large wp-post-image\" alt=\"\" style=\"\" srcset=\"https:\/\/thedailysocialist.com\/recuperacion\/wp-content\/uploads\/2023\/05\/Copia-de-Diseno-sin-titulo.png 1024w, https:\/\/thedailysocialist.com\/recuperacion\/wp-content\/uploads\/2023\/05\/Copia-de-Diseno-sin-titulo-300x225.png 300w, https:\/\/thedailysocialist.com\/recuperacion\/wp-content\/uploads\/2023\/05\/Copia-de-Diseno-sin-titulo-768x576.png 768w, https:\/\/thedailysocialist.com\/recuperacion\/wp-content\/uploads\/2023\/05\/Copia-de-Diseno-sin-titulo-440x330.png 440w, https:\/\/thedailysocialist.com\/recuperacion\/wp-content\/uploads\/2023\/05\/Copia-de-Diseno-sin-titulo-920x690.png 920w\" sizes=\"auto, (max-width: 880px) 100vw, 880px\" \/><\/div><a class=\"wp-block-latest-posts__post-title\" href=\"https:\/\/thedailysocialist.com\/recuperacion\/2022\/11\/20\/iran-el-regimen-islamico-y-el-estado-teocratico-estan-en-crisis-intensifica-la-represion-abajo-raisi-y-jamenei\/\">Ir\u00e1n: El r\u00e9gimen isl\u00e1mico y el estado teocr\u00e1tico est\u00e1n en crisis, intensifica la represi\u00f3n. \u00a1Abajo Raisi y Jamenei!<\/a><time datetime=\"2022-11-20T06:00:00+00:00\" class=\"wp-block-latest-posts__post-date\">20 noviembre, 2022<\/time><div class=\"wp-block-latest-posts__post-excerpt\">\u00a1Juicio y castigo a los asesinos de Mahsa Amini y de los manifestantes! Despu\u00e9s de m\u00e1s de 60 d\u00edas de<p><a href=\"https:\/\/thedailysocialist.com\/recuperacion\/2022\/11\/20\/iran-el-regimen-islamico-y-el-estado-teocratico-estan-en-crisis-intensifica-la-represion-abajo-raisi-y-jamenei\/\" class=\"more-link\">Continue reading<span class=\"screen-reader-text\">Ir\u00e1n: El r\u00e9gimen isl\u00e1mico y el estado teocr\u00e1tico est\u00e1n en crisis, intensifica la represi\u00f3n. \u00a1Abajo Raisi y Jamenei!<\/span><\/a><\/p><\/div><\/li>\n<li><div class=\"wp-block-latest-posts__featured-image\"><img loading=\"lazy\" decoding=\"async\" width=\"819\" height=\"1024\" src=\"https:\/\/thedailysocialist.com\/recuperacion\/wp-content\/uploads\/2023\/05\/311490139_598032142036169_1208181158619012966_n-819x1024.jpg\" class=\"attachment-large size-large wp-post-image\" alt=\"\" style=\"\" srcset=\"https:\/\/thedailysocialist.com\/recuperacion\/wp-content\/uploads\/2023\/05\/311490139_598032142036169_1208181158619012966_n-819x1024.jpg 819w, https:\/\/thedailysocialist.com\/recuperacion\/wp-content\/uploads\/2023\/05\/311490139_598032142036169_1208181158619012966_n-240x300.jpg 240w, https:\/\/thedailysocialist.com\/recuperacion\/wp-content\/uploads\/2023\/05\/311490139_598032142036169_1208181158619012966_n-768x960.jpg 768w, https:\/\/thedailysocialist.com\/recuperacion\/wp-content\/uploads\/2023\/05\/311490139_598032142036169_1208181158619012966_n.jpg 1080w\" sizes=\"auto, (max-width: 819px) 100vw, 819px\" \/><\/div><a class=\"wp-block-latest-posts__post-title\" href=\"https:\/\/thedailysocialist.com\/recuperacion\/2022\/10\/21\/carta-abierta-a-los-cientificos\/\">CARTA ABIERTA A LOS CIENT\u00cdFICOS<\/a><time datetime=\"2022-10-21T06:47:00+00:00\" class=\"wp-block-latest-posts__post-date\">21 octubre, 2022<\/time><div class=\"wp-block-latest-posts__post-excerpt\">Desde hace cerca de medio siglo, los cient\u00edficos, concretamente los relacionados al estudio del clima, lanzaron la alerta respecto a<p><a href=\"https:\/\/thedailysocialist.com\/recuperacion\/2022\/10\/21\/carta-abierta-a-los-cientificos\/\" class=\"more-link\">Continue reading<span class=\"screen-reader-text\">CARTA ABIERTA A LOS CIENT\u00cdFICOS<\/span><\/a><\/p><\/div><\/li>\n<li><div class=\"wp-block-latest-posts__featured-image\"><img loading=\"lazy\" decoding=\"async\" width=\"743\" height=\"960\" src=\"https:\/\/thedailysocialist.com\/recuperacion\/wp-content\/uploads\/2023\/05\/279644642_7543561709017835_7827063495393452234_n.jpg\" class=\"attachment-large size-large wp-post-image\" alt=\"\" style=\"\" srcset=\"https:\/\/thedailysocialist.com\/recuperacion\/wp-content\/uploads\/2023\/05\/279644642_7543561709017835_7827063495393452234_n.jpg 743w, https:\/\/thedailysocialist.com\/recuperacion\/wp-content\/uploads\/2023\/05\/279644642_7543561709017835_7827063495393452234_n-232x300.jpg 232w\" sizes=\"auto, (max-width: 743px) 100vw, 743px\" \/><\/div><a class=\"wp-block-latest-posts__post-title\" href=\"https:\/\/thedailysocialist.com\/recuperacion\/2022\/05\/01\/declaracion-del-1o-de-mayo-izquierda-internacional-left-party-oir-organizacion-de-izquierda-revolucionaria-y-socialismo-o-extincion-mexico\/\">Declaraci\u00f3n del 1o de Mayo Izquierda Internacional, Left Party, OIR, Organizacion de Izquierda Revolucionaria y Socialismo o Extinci\u00f3n \u2013 M\u00e9xico<\/a><time datetime=\"2022-05-01T05:53:00+00:00\" class=\"wp-block-latest-posts__post-date\">1 mayo, 2022<\/time><div class=\"wp-block-latest-posts__post-excerpt\">El 1\u00ba de Mayo es una fecha hist\u00f3rica para la clase obrera mundial. Desde la huelga general internacional por las<p><a href=\"https:\/\/thedailysocialist.com\/recuperacion\/2022\/05\/01\/declaracion-del-1o-de-mayo-izquierda-internacional-left-party-oir-organizacion-de-izquierda-revolucionaria-y-socialismo-o-extincion-mexico\/\" class=\"more-link\">Continue reading<span class=\"screen-reader-text\">Declaraci\u00f3n del 1o de Mayo Izquierda Internacional, Left Party, OIR, Organizacion de Izquierda Revolucionaria y Socialismo o Extinci\u00f3n \u2013 M\u00e9xico<\/span><\/a><\/p><\/div><\/li>\n<li><div class=\"wp-block-latest-posts__featured-image\"><img loading=\"lazy\" decoding=\"async\" width=\"880\" height=\"585\" src=\"https:\/\/thedailysocialist.com\/recuperacion\/wp-content\/uploads\/2023\/05\/Cuba-por-una-nueva-revolucion-socialista-1024x681.jpg\" class=\"attachment-large size-large wp-post-image\" alt=\"\" style=\"\" srcset=\"https:\/\/thedailysocialist.com\/recuperacion\/wp-content\/uploads\/2023\/05\/Cuba-por-una-nueva-revolucion-socialista-1024x681.jpg 1024w, https:\/\/thedailysocialist.com\/recuperacion\/wp-content\/uploads\/2023\/05\/Cuba-por-una-nueva-revolucion-socialista-300x199.jpg 300w, https:\/\/thedailysocialist.com\/recuperacion\/wp-content\/uploads\/2023\/05\/Cuba-por-una-nueva-revolucion-socialista-768x510.jpg 768w, https:\/\/thedailysocialist.com\/recuperacion\/wp-content\/uploads\/2023\/05\/Cuba-por-una-nueva-revolucion-socialista-507x338.jpg 507w, https:\/\/thedailysocialist.com\/recuperacion\/wp-content\/uploads\/2023\/05\/Cuba-por-una-nueva-revolucion-socialista.jpg 1348w\" sizes=\"auto, (max-width: 880px) 100vw, 880px\" \/><\/div><a class=\"wp-block-latest-posts__post-title\" href=\"https:\/\/thedailysocialist.com\/recuperacion\/2021\/07\/27\/cuba-por-una-nueva-revolucion\/\">Cuba: \u00a1Por una nueva revoluci\u00f3n!<\/a><time datetime=\"2021-07-27T05:40:00+00:00\" class=\"wp-block-latest-posts__post-date\">27 julio, 2021<\/time><div class=\"wp-block-latest-posts__post-excerpt\">\u00a1Ni imperialismo ni burocracia estalinista! Partido revolucionario aut\u00e9ntico y lucha por el socialismo internacionalista Declaraci\u00f3n de Izquierda Internacional (Left Party,<p><a href=\"https:\/\/thedailysocialist.com\/recuperacion\/2021\/07\/27\/cuba-por-una-nueva-revolucion\/\" class=\"more-link\">Continue reading<span class=\"screen-reader-text\">Cuba: \u00a1Por una nueva revoluci\u00f3n!<\/span><\/a><\/p><\/div><\/li>\n<li><div class=\"wp-block-latest-posts__featured-image\"><img loading=\"lazy\" decoding=\"async\" width=\"880\" height=\"562\" src=\"https:\/\/thedailysocialist.com\/recuperacion\/wp-content\/uploads\/2023\/05\/Nicaragua-atrapada-en-las-redes-de-terror-del-regimen-por-una-nueva-revolucion-socialista-abajo-Daniel-Ortega-1024x654.jpg\" class=\"attachment-large size-large wp-post-image\" alt=\"\" style=\"\" srcset=\"https:\/\/thedailysocialist.com\/recuperacion\/wp-content\/uploads\/2023\/05\/Nicaragua-atrapada-en-las-redes-de-terror-del-regimen-por-una-nueva-revolucion-socialista-abajo-Daniel-Ortega-1024x654.jpg 1024w, https:\/\/thedailysocialist.com\/recuperacion\/wp-content\/uploads\/2023\/05\/Nicaragua-atrapada-en-las-redes-de-terror-del-regimen-por-una-nueva-revolucion-socialista-abajo-Daniel-Ortega-300x192.jpg 300w, https:\/\/thedailysocialist.com\/recuperacion\/wp-content\/uploads\/2023\/05\/Nicaragua-atrapada-en-las-redes-de-terror-del-regimen-por-una-nueva-revolucion-socialista-abajo-Daniel-Ortega-768x490.jpg 768w, https:\/\/thedailysocialist.com\/recuperacion\/wp-content\/uploads\/2023\/05\/Nicaragua-atrapada-en-las-redes-de-terror-del-regimen-por-una-nueva-revolucion-socialista-abajo-Daniel-Ortega.jpg 1350w\" sizes=\"auto, (max-width: 880px) 100vw, 880px\" \/><\/div><a class=\"wp-block-latest-posts__post-title\" href=\"https:\/\/thedailysocialist.com\/recuperacion\/2021\/07\/09\/nicaragua-atrapada-en-las-redes-de-terror-del-regimen\/\">Nicaragua atrapada en las redes de terror del r\u00e9gimen<\/a><time datetime=\"2021-07-09T23:40:00+00:00\" class=\"wp-block-latest-posts__post-date\">9 julio, 2021<\/time><div class=\"wp-block-latest-posts__post-excerpt\">Declaraci\u00f3n de Izquierda Internacional (Left Party, EE. UU.; OIR, Argentina y OPM, M\u00e9xico) 09\/07\/2021 El pueblo nicarag\u00fcense est\u00e1 en una<p><a href=\"https:\/\/thedailysocialist.com\/recuperacion\/2021\/07\/09\/nicaragua-atrapada-en-las-redes-de-terror-del-regimen\/\" class=\"more-link\">Continue reading<span class=\"screen-reader-text\">Nicaragua atrapada en las redes de terror del r\u00e9gimen<\/span><\/a><\/p><\/div><\/li>\n<li><div class=\"wp-block-latest-posts__featured-image\"><img loading=\"lazy\" decoding=\"async\" width=\"880\" height=\"337\" src=\"https:\/\/thedailysocialist.com\/recuperacion\/wp-content\/uploads\/2023\/05\/Bolivia-ninguna-tregua-a-la-derecha-y-los-golpistas-por-un-gobierno-revolucionario-de-cabildos-abiertos-de-trabajadores-indigenas-y-campesinos.png\" class=\"attachment-large size-large wp-post-image\" alt=\"\" style=\"\" srcset=\"https:\/\/thedailysocialist.com\/recuperacion\/wp-content\/uploads\/2023\/05\/Bolivia-ninguna-tregua-a-la-derecha-y-los-golpistas-por-un-gobierno-revolucionario-de-cabildos-abiertos-de-trabajadores-indigenas-y-campesinos.png 904w, https:\/\/thedailysocialist.com\/recuperacion\/wp-content\/uploads\/2023\/05\/Bolivia-ninguna-tregua-a-la-derecha-y-los-golpistas-por-un-gobierno-revolucionario-de-cabildos-abiertos-de-trabajadores-indigenas-y-campesinos-300x115.png 300w, https:\/\/thedailysocialist.com\/recuperacion\/wp-content\/uploads\/2023\/05\/Bolivia-ninguna-tregua-a-la-derecha-y-los-golpistas-por-un-gobierno-revolucionario-de-cabildos-abiertos-de-trabajadores-indigenas-y-campesinos-768x294.png 768w\" sizes=\"auto, (max-width: 880px) 100vw, 880px\" \/><\/div><a class=\"wp-block-latest-posts__post-title\" href=\"https:\/\/thedailysocialist.com\/recuperacion\/2019\/11\/12\/bolivia-ninguna-tregua-a-la-derecha-y-los-golpistas\/\">Bolivia: Ninguna tregua a la derecha y los golpistas<\/a><time datetime=\"2019-11-12T22:45:00+00:00\" class=\"wp-block-latest-posts__post-date\">12 noviembre, 2019<\/time><div class=\"wp-block-latest-posts__post-excerpt\">Declaraci\u00f3n de Izquierda Internacional 12\/11\/2019 Con obreros, campesinos y j\u00f3venes bolivianos en las calles enfrent\u00e1ndose con armas y dinamita, Bolivia<p><a href=\"https:\/\/thedailysocialist.com\/recuperacion\/2019\/11\/12\/bolivia-ninguna-tregua-a-la-derecha-y-los-golpistas\/\" class=\"more-link\">Continue reading<span class=\"screen-reader-text\">Bolivia: Ninguna tregua a la derecha y los golpistas<\/span><\/a><\/p><\/div><\/li>\n<\/ul>","protected":false},"excerpt":{"rendered":"<p>DECLARACIONES<\/p>\n","protected":false},"author":1,"featured_media":0,"parent":0,"menu_order":0,"comment_status":"closed","ping_status":"closed","template":"","meta":{"footnotes":""},"class_list":["post-92","page","type-page","status-publish","hentry"],"_links":{"self":[{"href":"https:\/\/thedailysocialist.com\/recuperacion\/wp-json\/wp\/v2\/pages\/92","targetHints":{"allow":["GET"]}}],"collection":[{"href":"https:\/\/thedailysocialist.com\/recuperacion\/wp-json\/wp\/v2\/pages"}],"about":[{"href":"https:\/\/thedailysocialist.com\/recuperacion\/wp-json\/wp\/v2\/types\/page"}],"author":[{"embeddable":true,"href":"https:\/\/thedailysocialist.com\/recuperacion\/wp-json\/wp\/v2\/users\/1"}],"replies":[{"embeddable":true,"href":"https:\/\/thedailysocialist.com\/recuperacion\/wp-json\/wp\/v2\/comments?post=92"}],"version-history":[{"count":1,"href":"https:\/\/thedailysocialist.com\/recuperacion\/wp-json\/wp\/v2\/pages\/92\/revisions"}],"predecessor-version":[{"id":93,"href":"https:\/\/thedailysocialist.com\/recuperacion\/wp-json\/wp\/v2\/pages\/92\/revisions\/93"}],"wp:attachment":[{"href":"https:\/\/thedailysocialist.com\/recuperacion\/wp-json\/wp\/v2\/media?parent=92"}],"curies":[{"name":"wp","href":"https:\/\/api.w.org\/{rel}","templated":true}]}}