{"id":21,"date":"2023-05-06T19:59:06","date_gmt":"2023-05-06T19:59:06","guid":{"rendered":"https:\/\/thedailysocialist.com\/recuperacion\/?page_id=21"},"modified":"2023-05-12T07:11:02","modified_gmt":"2023-05-12T07:11:02","slug":"inicio","status":"publish","type":"page","link":"https:\/\/thedailysocialist.com\/recuperacion\/","title":{"rendered":"INICIO"},"content":{"rendered":"\n<h2 class=\"wp-block-heading has-text-align-center\">RECIENTES<\/h2>\n\n\n<ul class=\"wp-block-latest-posts__list is-grid columns-3 has-dates alignwide wp-block-latest-posts\"><li><div class=\"wp-block-latest-posts__featured-image\"><img loading=\"lazy\" decoding=\"async\" width=\"791\" height=\"1024\" src=\"https:\/\/thedailysocialist.com\/recuperacion\/wp-content\/uploads\/2023\/05\/TWOIMP2-1187x1536-1-791x1024.png\" class=\"attachment-large size-large wp-post-image\" alt=\"\" style=\"\" srcset=\"https:\/\/thedailysocialist.com\/recuperacion\/wp-content\/uploads\/2023\/05\/TWOIMP2-1187x1536-1-791x1024.png 791w, https:\/\/thedailysocialist.com\/recuperacion\/wp-content\/uploads\/2023\/05\/TWOIMP2-1187x1536-1-232x300.png 232w, https:\/\/thedailysocialist.com\/recuperacion\/wp-content\/uploads\/2023\/05\/TWOIMP2-1187x1536-1-768x994.png 768w, https:\/\/thedailysocialist.com\/recuperacion\/wp-content\/uploads\/2023\/05\/TWOIMP2-1187x1536-1.png 1187w\" sizes=\"auto, (max-width: 791px) 100vw, 791px\" \/><\/div><a class=\"wp-block-latest-posts__post-title\" href=\"https:\/\/thedailysocialist.com\/recuperacion\/2023\/04\/26\/por-un-1ro-de-mayo-obrero-socialista-e-internacionalista\/\">\u00a1Por un 1ro de Mayo Obrero, Socialista e Internacionalista!<\/a><time datetime=\"2023-04-26T00:07:00+00:00\" class=\"wp-block-latest-posts__post-date\">26 abril, 2023<\/time><div class=\"wp-block-latest-posts__post-excerpt\">Left Party (Izquierda Internacional) Hace casi 125 a\u00f1os atr\u00e1s, los socialistas lanzaron la iniciativa del 1ro. de mayo como un<p><a href=\"https:\/\/thedailysocialist.com\/recuperacion\/2023\/04\/26\/por-un-1ro-de-mayo-obrero-socialista-e-internacionalista\/\" class=\"more-link\">Continue reading<span class=\"screen-reader-text\">\u00a1Por un 1ro de Mayo Obrero, Socialista e Internacionalista!<\/span><\/a><\/p><\/div><\/li>\n<li><div class=\"wp-block-latest-posts__featured-image\"><img loading=\"lazy\" decoding=\"async\" width=\"720\" height=\"800\" src=\"https:\/\/thedailysocialist.com\/recuperacion\/wp-content\/uploads\/2023\/05\/8-de-marzo-dia-internacional-de-la-mujer-trabajadora-clasista-y-combativo-contra-el-fundamentalismo-y-el-feminicidio-copia-2.png\" class=\"attachment-large size-large wp-post-image\" alt=\"\" style=\"\" srcset=\"https:\/\/thedailysocialist.com\/recuperacion\/wp-content\/uploads\/2023\/05\/8-de-marzo-dia-internacional-de-la-mujer-trabajadora-clasista-y-combativo-contra-el-fundamentalismo-y-el-feminicidio-copia-2.png 720w, https:\/\/thedailysocialist.com\/recuperacion\/wp-content\/uploads\/2023\/05\/8-de-marzo-dia-internacional-de-la-mujer-trabajadora-clasista-y-combativo-contra-el-fundamentalismo-y-el-feminicidio-copia-2-270x300.png 270w\" sizes=\"auto, (max-width: 720px) 100vw, 720px\" \/><\/div><a class=\"wp-block-latest-posts__post-title\" href=\"https:\/\/thedailysocialist.com\/recuperacion\/2023\/03\/08\/8-de-marzo-a-seguir-el-ejemplo-de-las-mujeres-iranies-y-afganas-luchar-contra-el-fundamentalismo-y-el-feminicidio\/\">8 de marzo: A seguir el ejemplo de las mujeres iran\u00edes y afganas, luchar contra el fundamentalismo y el feminicidio<\/a><time datetime=\"2023-03-08T23:55:00+00:00\" class=\"wp-block-latest-posts__post-date\">8 marzo, 2023<\/time><div class=\"wp-block-latest-posts__post-excerpt\">Declaraci\u00f3n del D\u00eda de las Mujeres Trabajadoras El D\u00eda de la Mujer Trabajadora corresponde a una larga tradici\u00f3n de lucha,<p><a href=\"https:\/\/thedailysocialist.com\/recuperacion\/2023\/03\/08\/8-de-marzo-a-seguir-el-ejemplo-de-las-mujeres-iranies-y-afganas-luchar-contra-el-fundamentalismo-y-el-feminicidio\/\" class=\"more-link\">Continue reading<span class=\"screen-reader-text\">8 de marzo: A seguir el ejemplo de las mujeres iran\u00edes y afganas, luchar contra el fundamentalismo y el feminicidio<\/span><\/a><\/p><\/div><\/li>\n<li><div class=\"wp-block-latest-posts__featured-image\"><img loading=\"lazy\" decoding=\"async\" width=\"880\" height=\"660\" src=\"https:\/\/thedailysocialist.com\/recuperacion\/wp-content\/uploads\/2023\/05\/izquierda-internacional-brasil-imperialista-imperialismo-brasileno-con-pies-de-barro-1.jpg\" class=\"attachment-large size-large wp-post-image\" alt=\"\" style=\"\" srcset=\"https:\/\/thedailysocialist.com\/recuperacion\/wp-content\/uploads\/2023\/05\/izquierda-internacional-brasil-imperialista-imperialismo-brasileno-con-pies-de-barro-1.jpg 1024w, https:\/\/thedailysocialist.com\/recuperacion\/wp-content\/uploads\/2023\/05\/izquierda-internacional-brasil-imperialista-imperialismo-brasileno-con-pies-de-barro-1-300x225.jpg 300w, https:\/\/thedailysocialist.com\/recuperacion\/wp-content\/uploads\/2023\/05\/izquierda-internacional-brasil-imperialista-imperialismo-brasileno-con-pies-de-barro-1-768x576.jpg 768w, https:\/\/thedailysocialist.com\/recuperacion\/wp-content\/uploads\/2023\/05\/izquierda-internacional-brasil-imperialista-imperialismo-brasileno-con-pies-de-barro-1-440x330.jpg 440w, https:\/\/thedailysocialist.com\/recuperacion\/wp-content\/uploads\/2023\/05\/izquierda-internacional-brasil-imperialista-imperialismo-brasileno-con-pies-de-barro-1-920x690.jpg 920w\" sizes=\"auto, (max-width: 880px) 100vw, 880px\" \/><\/div><a class=\"wp-block-latest-posts__post-title\" href=\"https:\/\/thedailysocialist.com\/recuperacion\/2023\/03\/06\/brasil-nacido-para-ser-imperialista\/\">Brasil: Nacido para ser imperialista<\/a><time datetime=\"2023-03-06T23:42:00+00:00\" class=\"wp-block-latest-posts__post-date\">6 marzo, 2023<\/time><div class=\"wp-block-latest-posts__post-excerpt\">\u00bfEs Brasil una naci\u00f3n imperialista?&nbsp; Puesto en t\u00e9rminos sencillos, el car\u00e1cter imperialista de una naci\u00f3n dentro del sistema capitalista, se<p><a href=\"https:\/\/thedailysocialist.com\/recuperacion\/2023\/03\/06\/brasil-nacido-para-ser-imperialista\/\" class=\"more-link\">Continue reading<span class=\"screen-reader-text\">Brasil: Nacido para ser imperialista<\/span><\/a><\/p><\/div><\/li>\n<li><div class=\"wp-block-latest-posts__featured-image\"><img loading=\"lazy\" decoding=\"async\" width=\"880\" height=\"660\" src=\"https:\/\/thedailysocialist.com\/recuperacion\/wp-content\/uploads\/2023\/05\/EEUUMexico-LA-VENGANZA-DE-MOCTEZUMA-De-los-Derechos-de-los-Inmigrantes-a-la-Liberacion-Naciona.jpg\" class=\"attachment-large size-large wp-post-image\" alt=\"\" style=\"\" srcset=\"https:\/\/thedailysocialist.com\/recuperacion\/wp-content\/uploads\/2023\/05\/EEUUMexico-LA-VENGANZA-DE-MOCTEZUMA-De-los-Derechos-de-los-Inmigrantes-a-la-Liberacion-Naciona.jpg 1024w, https:\/\/thedailysocialist.com\/recuperacion\/wp-content\/uploads\/2023\/05\/EEUUMexico-LA-VENGANZA-DE-MOCTEZUMA-De-los-Derechos-de-los-Inmigrantes-a-la-Liberacion-Naciona-300x225.jpg 300w, https:\/\/thedailysocialist.com\/recuperacion\/wp-content\/uploads\/2023\/05\/EEUUMexico-LA-VENGANZA-DE-MOCTEZUMA-De-los-Derechos-de-los-Inmigrantes-a-la-Liberacion-Naciona-768x576.jpg 768w, https:\/\/thedailysocialist.com\/recuperacion\/wp-content\/uploads\/2023\/05\/EEUUMexico-LA-VENGANZA-DE-MOCTEZUMA-De-los-Derechos-de-los-Inmigrantes-a-la-Liberacion-Naciona-440x330.jpg 440w, https:\/\/thedailysocialist.com\/recuperacion\/wp-content\/uploads\/2023\/05\/EEUUMexico-LA-VENGANZA-DE-MOCTEZUMA-De-los-Derechos-de-los-Inmigrantes-a-la-Liberacion-Naciona-920x690.jpg 920w\" sizes=\"auto, (max-width: 880px) 100vw, 880px\" \/><\/div><a class=\"wp-block-latest-posts__post-title\" href=\"https:\/\/thedailysocialist.com\/recuperacion\/2023\/02\/22\/eeuu-mexico-la-venganza-de-moctezuma\/\">EEUU\/M\u00e9xico: LA VENGANZA DE MOCTEZUMA<\/a><time datetime=\"2023-02-22T07:32:00+00:00\" class=\"wp-block-latest-posts__post-date\">22 febrero, 2023<\/time><div class=\"wp-block-latest-posts__post-excerpt\">De los Derechos de los Inmigrantes a la Liberaci\u00f3n Nacional Carlos Petroni Revista de Izquierda Internacional \u2013 No. 1, Mayo<p><a href=\"https:\/\/thedailysocialist.com\/recuperacion\/2023\/02\/22\/eeuu-mexico-la-venganza-de-moctezuma\/\" class=\"more-link\">Continue reading<span class=\"screen-reader-text\">EEUU\/M\u00e9xico: LA VENGANZA DE MOCTEZUMA<\/span><\/a><\/p><\/div><\/li>\n<li><div class=\"wp-block-latest-posts__featured-image\"><img loading=\"lazy\" decoding=\"async\" width=\"880\" height=\"660\" src=\"https:\/\/thedailysocialist.com\/recuperacion\/wp-content\/uploads\/2023\/05\/izquierda-internacional.jpg\" class=\"attachment-large size-large wp-post-image\" alt=\"\" style=\"\" srcset=\"https:\/\/thedailysocialist.com\/recuperacion\/wp-content\/uploads\/2023\/05\/izquierda-internacional.jpg 1024w, https:\/\/thedailysocialist.com\/recuperacion\/wp-content\/uploads\/2023\/05\/izquierda-internacional-300x225.jpg 300w, https:\/\/thedailysocialist.com\/recuperacion\/wp-content\/uploads\/2023\/05\/izquierda-internacional-768x576.jpg 768w, https:\/\/thedailysocialist.com\/recuperacion\/wp-content\/uploads\/2023\/05\/izquierda-internacional-440x330.jpg 440w, https:\/\/thedailysocialist.com\/recuperacion\/wp-content\/uploads\/2023\/05\/izquierda-internacional-920x690.jpg 920w\" sizes=\"auto, (max-width: 880px) 100vw, 880px\" \/><\/div><a class=\"wp-block-latest-posts__post-title\" href=\"https:\/\/thedailysocialist.com\/recuperacion\/2023\/02\/08\/peru-los-obreros-y-campesinos-deben-luchar-por-el-poder-para-evitar-la-derrota\/\">Per\u00fa: Los obreros y campesinos deben luchar por el poder para evitar la derrota<\/a><time datetime=\"2023-02-08T07:29:00+00:00\" class=\"wp-block-latest-posts__post-date\">8 febrero, 2023<\/time><div class=\"wp-block-latest-posts__post-excerpt\">Declaraci\u00f3n de Izquierda Internacional A 50 d\u00edas de la destituci\u00f3n de Castillo el gobierno genocida instalado en Per\u00fa ha asesinado<p><a href=\"https:\/\/thedailysocialist.com\/recuperacion\/2023\/02\/08\/peru-los-obreros-y-campesinos-deben-luchar-por-el-poder-para-evitar-la-derrota\/\" class=\"more-link\">Continue reading<span class=\"screen-reader-text\">Per\u00fa: Los obreros y campesinos deben luchar por el poder para evitar la derrota<\/span><\/a><\/p><\/div><\/li>\n<li><div class=\"wp-block-latest-posts__featured-image\"><img loading=\"lazy\" decoding=\"async\" width=\"880\" height=\"738\" src=\"https:\/\/thedailysocialist.com\/recuperacion\/wp-content\/uploads\/2023\/05\/policrisis-socialismo-o-extincion-izquierda-internacional.png\" class=\"attachment-large size-large wp-post-image\" alt=\"\" style=\"\" srcset=\"https:\/\/thedailysocialist.com\/recuperacion\/wp-content\/uploads\/2023\/05\/policrisis-socialismo-o-extincion-izquierda-internacional.png 940w, https:\/\/thedailysocialist.com\/recuperacion\/wp-content\/uploads\/2023\/05\/policrisis-socialismo-o-extincion-izquierda-internacional-300x251.png 300w, https:\/\/thedailysocialist.com\/recuperacion\/wp-content\/uploads\/2023\/05\/policrisis-socialismo-o-extincion-izquierda-internacional-768x644.png 768w\" sizes=\"auto, (max-width: 880px) 100vw, 880px\" \/><\/div><a class=\"wp-block-latest-posts__post-title\" href=\"https:\/\/thedailysocialist.com\/recuperacion\/2023\/02\/02\/policrisis-coyuntura-internacional\/\">Policrisis: Coyuntura internacional<\/a><time datetime=\"2023-02-02T07:22:00+00:00\" class=\"wp-block-latest-posts__post-date\">2 febrero, 2023<\/time><div class=\"wp-block-latest-posts__post-excerpt\">Coyuntura internacional\u00a0enero 2023 Carlos Petroni (Le\u00f3n P\u00e9rez) Aprobado por Izquierda Internacional El mundo ha comenzado a transitar por lo que<p><a href=\"https:\/\/thedailysocialist.com\/recuperacion\/2023\/02\/02\/policrisis-coyuntura-internacional\/\" class=\"more-link\">Continue reading<span class=\"screen-reader-text\">Policrisis: Coyuntura internacional<\/span><\/a><\/p><\/div><\/li>\n<li><div class=\"wp-block-latest-posts__featured-image\"><img loading=\"lazy\" decoding=\"async\" width=\"880\" height=\"660\" src=\"https:\/\/thedailysocialist.com\/recuperacion\/wp-content\/uploads\/2023\/05\/BOLIVIA-Basta-de-soportar-peleas-interburguesas-entre-camachistas-y-masistas.jpg\" class=\"attachment-large size-large wp-post-image\" alt=\"\" style=\"\" srcset=\"https:\/\/thedailysocialist.com\/recuperacion\/wp-content\/uploads\/2023\/05\/BOLIVIA-Basta-de-soportar-peleas-interburguesas-entre-camachistas-y-masistas.jpg 1024w, https:\/\/thedailysocialist.com\/recuperacion\/wp-content\/uploads\/2023\/05\/BOLIVIA-Basta-de-soportar-peleas-interburguesas-entre-camachistas-y-masistas-300x225.jpg 300w, https:\/\/thedailysocialist.com\/recuperacion\/wp-content\/uploads\/2023\/05\/BOLIVIA-Basta-de-soportar-peleas-interburguesas-entre-camachistas-y-masistas-768x576.jpg 768w, https:\/\/thedailysocialist.com\/recuperacion\/wp-content\/uploads\/2023\/05\/BOLIVIA-Basta-de-soportar-peleas-interburguesas-entre-camachistas-y-masistas-440x330.jpg 440w, https:\/\/thedailysocialist.com\/recuperacion\/wp-content\/uploads\/2023\/05\/BOLIVIA-Basta-de-soportar-peleas-interburguesas-entre-camachistas-y-masistas-920x690.jpg 920w\" sizes=\"auto, (max-width: 880px) 100vw, 880px\" \/><\/div><a class=\"wp-block-latest-posts__post-title\" href=\"https:\/\/thedailysocialist.com\/recuperacion\/2023\/01\/22\/bolivia-basta-de-soportar-peleas-interburguesas-entre-camachistas-y-masistas\/\">BOLIVIA: \u00a1Basta de soportar peleas interburguesas entre camachistas y masistas!<\/a><time datetime=\"2023-01-22T07:16:00+00:00\" class=\"wp-block-latest-posts__post-date\">22 enero, 2023<\/time><div class=\"wp-block-latest-posts__post-excerpt\">#Bolivia Mientras que el presidente del Comit\u00e9 Pro Santa Cruz, R\u00f3mulo Calvo, habla de la realizaci\u00f3n de un cabildo nacional<p><a href=\"https:\/\/thedailysocialist.com\/recuperacion\/2023\/01\/22\/bolivia-basta-de-soportar-peleas-interburguesas-entre-camachistas-y-masistas\/\" class=\"more-link\">Continue reading<span class=\"screen-reader-text\">BOLIVIA: \u00a1Basta de soportar peleas interburguesas entre camachistas y masistas!<\/span><\/a><\/p><\/div><\/li>\n<li><div class=\"wp-block-latest-posts__featured-image\"><img loading=\"lazy\" decoding=\"async\" width=\"880\" height=\"660\" src=\"https:\/\/thedailysocialist.com\/recuperacion\/wp-content\/uploads\/2023\/05\/Peru-solo-la-revolucion-terminara-con-la-explotacion-y-la-decadencia-1.jpg\" class=\"attachment-large size-large wp-post-image\" alt=\"\" style=\"\" srcset=\"https:\/\/thedailysocialist.com\/recuperacion\/wp-content\/uploads\/2023\/05\/Peru-solo-la-revolucion-terminara-con-la-explotacion-y-la-decadencia-1.jpg 1024w, https:\/\/thedailysocialist.com\/recuperacion\/wp-content\/uploads\/2023\/05\/Peru-solo-la-revolucion-terminara-con-la-explotacion-y-la-decadencia-1-300x225.jpg 300w, https:\/\/thedailysocialist.com\/recuperacion\/wp-content\/uploads\/2023\/05\/Peru-solo-la-revolucion-terminara-con-la-explotacion-y-la-decadencia-1-768x576.jpg 768w, https:\/\/thedailysocialist.com\/recuperacion\/wp-content\/uploads\/2023\/05\/Peru-solo-la-revolucion-terminara-con-la-explotacion-y-la-decadencia-1-440x330.jpg 440w, https:\/\/thedailysocialist.com\/recuperacion\/wp-content\/uploads\/2023\/05\/Peru-solo-la-revolucion-terminara-con-la-explotacion-y-la-decadencia-1-920x690.jpg 920w\" sizes=\"auto, (max-width: 880px) 100vw, 880px\" \/><\/div><a class=\"wp-block-latest-posts__post-title\" href=\"https:\/\/thedailysocialist.com\/recuperacion\/2022\/12\/23\/peru-solo-la-revolucion-terminara-con-la-explotacion-y-la-decadencia-economica-y-social\/\">Per\u00fa: s\u00f3lo la revoluci\u00f3n terminar\u00e1 con la explotaci\u00f3n y la decadencia econ\u00f3mica y social<\/a><time datetime=\"2022-12-23T07:08:00+00:00\" class=\"wp-block-latest-posts__post-date\">23 diciembre, 2022<\/time><div class=\"wp-block-latest-posts__post-excerpt\">Hace unos d\u00edas el presidente Pedro Castillo intent\u00f3 disolver el Congreso del Per\u00fa dominado por los partidos de derecha y<p><a href=\"https:\/\/thedailysocialist.com\/recuperacion\/2022\/12\/23\/peru-solo-la-revolucion-terminara-con-la-explotacion-y-la-decadencia-economica-y-social\/\" class=\"more-link\">Continue reading<span class=\"screen-reader-text\">Per\u00fa: s\u00f3lo la revoluci\u00f3n terminar\u00e1 con la explotaci\u00f3n y la decadencia econ\u00f3mica y social<\/span><\/a><\/p><\/div><\/li>\n<li><div class=\"wp-block-latest-posts__featured-image\"><img loading=\"lazy\" decoding=\"async\" width=\"880\" height=\"660\" src=\"https:\/\/thedailysocialist.com\/recuperacion\/wp-content\/uploads\/2023\/05\/gano-lula-siguen-perdiendo-los-trabajadores-brasil.jpg\" class=\"attachment-large size-large wp-post-image\" alt=\"\" style=\"\" srcset=\"https:\/\/thedailysocialist.com\/recuperacion\/wp-content\/uploads\/2023\/05\/gano-lula-siguen-perdiendo-los-trabajadores-brasil.jpg 1024w, https:\/\/thedailysocialist.com\/recuperacion\/wp-content\/uploads\/2023\/05\/gano-lula-siguen-perdiendo-los-trabajadores-brasil-300x225.jpg 300w, https:\/\/thedailysocialist.com\/recuperacion\/wp-content\/uploads\/2023\/05\/gano-lula-siguen-perdiendo-los-trabajadores-brasil-768x576.jpg 768w, https:\/\/thedailysocialist.com\/recuperacion\/wp-content\/uploads\/2023\/05\/gano-lula-siguen-perdiendo-los-trabajadores-brasil-440x330.jpg 440w, https:\/\/thedailysocialist.com\/recuperacion\/wp-content\/uploads\/2023\/05\/gano-lula-siguen-perdiendo-los-trabajadores-brasil-920x690.jpg 920w\" sizes=\"auto, (max-width: 880px) 100vw, 880px\" \/><\/div><a class=\"wp-block-latest-posts__post-title\" href=\"https:\/\/thedailysocialist.com\/recuperacion\/2022\/12\/11\/gano-lula-siguen-perdiendo-los-trabajadores\/\">Gan\u00f3 Lula, siguen perdiendo los trabajadores<\/a><time datetime=\"2022-12-11T07:02:00+00:00\" class=\"wp-block-latest-posts__post-date\">11 diciembre, 2022<\/time><div class=\"wp-block-latest-posts__post-excerpt\">\u00a1Abajo el plan de ajuste de&nbsp;#Lula! \u00a1aplastemos en las calles a la ultraderecha! \u00a1por la organizaci\u00f3n independiente y revolucionaria! E<p><a href=\"https:\/\/thedailysocialist.com\/recuperacion\/2022\/12\/11\/gano-lula-siguen-perdiendo-los-trabajadores\/\" class=\"more-link\">Continue reading<span class=\"screen-reader-text\">Gan\u00f3 Lula, siguen perdiendo los trabajadores<\/span><\/a><\/p><\/div><\/li>\n<\/ul>","protected":false},"excerpt":{"rendered":"<p>RECIENTES<\/p>\n","protected":false},"author":1,"featured_media":0,"parent":0,"menu_order":0,"comment_status":"closed","ping_status":"closed","template":"","meta":{"footnotes":""},"class_list":["post-21","page","type-page","status-publish","hentry"],"_links":{"self":[{"href":"https:\/\/thedailysocialist.com\/recuperacion\/wp-json\/wp\/v2\/pages\/21","targetHints":{"allow":["GET"]}}],"collection":[{"href":"https:\/\/thedailysocialist.com\/recuperacion\/wp-json\/wp\/v2\/pages"}],"about":[{"href":"https:\/\/thedailysocialist.com\/recuperacion\/wp-json\/wp\/v2\/types\/page"}],"author":[{"embeddable":true,"href":"https:\/\/thedailysocialist.com\/recuperacion\/wp-json\/wp\/v2\/users\/1"}],"replies":[{"embeddable":true,"href":"https:\/\/thedailysocialist.com\/recuperacion\/wp-json\/wp\/v2\/comments?post=21"}],"version-history":[{"count":6,"href":"https:\/\/thedailysocialist.com\/recuperacion\/wp-json\/wp\/v2\/pages\/21\/revisions"}],"predecessor-version":[{"id":214,"href":"https:\/\/thedailysocialist.com\/recuperacion\/wp-json\/wp\/v2\/pages\/21\/revisions\/214"}],"wp:attachment":[{"href":"https:\/\/thedailysocialist.com\/recuperacion\/wp-json\/wp\/v2\/media?parent=21"}],"curies":[{"name":"wp","href":"https:\/\/api.w.org\/{rel}","templated":true}]}}