{"id":132,"date":"2023-05-07T03:06:40","date_gmt":"2023-05-07T03:06:40","guid":{"rendered":"https:\/\/thedailysocialist.com\/recuperacion\/?page_id=132"},"modified":"2023-05-07T03:06:40","modified_gmt":"2023-05-07T03:06:40","slug":"africa","status":"publish","type":"page","link":"https:\/\/thedailysocialist.com\/recuperacion\/africa\/","title":{"rendered":"\u00c1frica"},"content":{"rendered":"\n<h1 class=\"wp-block-heading has-text-align-center\"><strong>\u00c1frica<\/strong><\/h1>\n\n\n<ul class=\"wp-block-latest-posts__list is-grid columns-3 has-dates alignwide wp-block-latest-posts\"><li><div class=\"wp-block-latest-posts__featured-image\"><img loading=\"lazy\" decoding=\"async\" width=\"791\" height=\"1024\" src=\"https:\/\/thedailysocialist.com\/recuperacion\/wp-content\/uploads\/2023\/05\/TWOIMP2-1187x1536-1-791x1024.png\" class=\"attachment-large size-large wp-post-image\" alt=\"\" style=\"\" srcset=\"https:\/\/thedailysocialist.com\/recuperacion\/wp-content\/uploads\/2023\/05\/TWOIMP2-1187x1536-1-791x1024.png 791w, https:\/\/thedailysocialist.com\/recuperacion\/wp-content\/uploads\/2023\/05\/TWOIMP2-1187x1536-1-232x300.png 232w, https:\/\/thedailysocialist.com\/recuperacion\/wp-content\/uploads\/2023\/05\/TWOIMP2-1187x1536-1-768x994.png 768w, https:\/\/thedailysocialist.com\/recuperacion\/wp-content\/uploads\/2023\/05\/TWOIMP2-1187x1536-1.png 1187w\" sizes=\"auto, (max-width: 791px) 100vw, 791px\" \/><\/div><a class=\"wp-block-latest-posts__post-title\" href=\"https:\/\/thedailysocialist.com\/recuperacion\/2023\/04\/26\/por-un-1ro-de-mayo-obrero-socialista-e-internacionalista\/\">\u00a1Por un 1ro de Mayo Obrero, Socialista e Internacionalista!<\/a><time datetime=\"2023-04-26T00:07:00+00:00\" class=\"wp-block-latest-posts__post-date\">26 abril, 2023<\/time><div class=\"wp-block-latest-posts__post-excerpt\">Left Party (Izquierda Internacional) Hace casi 125 a\u00f1os atr\u00e1s, los socialistas lanzaron la iniciativa del 1ro. de mayo como un<p><a href=\"https:\/\/thedailysocialist.com\/recuperacion\/2023\/04\/26\/por-un-1ro-de-mayo-obrero-socialista-e-internacionalista\/\" class=\"more-link\">Continue reading<span class=\"screen-reader-text\">\u00a1Por un 1ro de Mayo Obrero, Socialista e Internacionalista!<\/span><\/a><\/p><\/div><\/li>\n<li><div class=\"wp-block-latest-posts__featured-image\"><img loading=\"lazy\" decoding=\"async\" width=\"720\" height=\"800\" src=\"https:\/\/thedailysocialist.com\/recuperacion\/wp-content\/uploads\/2023\/05\/8-de-marzo-dia-internacional-de-la-mujer-trabajadora-clasista-y-combativo-contra-el-fundamentalismo-y-el-feminicidio-copia-2.png\" class=\"attachment-large size-large wp-post-image\" alt=\"\" style=\"\" srcset=\"https:\/\/thedailysocialist.com\/recuperacion\/wp-content\/uploads\/2023\/05\/8-de-marzo-dia-internacional-de-la-mujer-trabajadora-clasista-y-combativo-contra-el-fundamentalismo-y-el-feminicidio-copia-2.png 720w, https:\/\/thedailysocialist.com\/recuperacion\/wp-content\/uploads\/2023\/05\/8-de-marzo-dia-internacional-de-la-mujer-trabajadora-clasista-y-combativo-contra-el-fundamentalismo-y-el-feminicidio-copia-2-270x300.png 270w\" sizes=\"auto, (max-width: 720px) 100vw, 720px\" \/><\/div><a class=\"wp-block-latest-posts__post-title\" href=\"https:\/\/thedailysocialist.com\/recuperacion\/2023\/03\/08\/8-de-marzo-a-seguir-el-ejemplo-de-las-mujeres-iranies-y-afganas-luchar-contra-el-fundamentalismo-y-el-feminicidio\/\">8 de marzo: A seguir el ejemplo de las mujeres iran\u00edes y afganas, luchar contra el fundamentalismo y el feminicidio<\/a><time datetime=\"2023-03-08T23:55:00+00:00\" class=\"wp-block-latest-posts__post-date\">8 marzo, 2023<\/time><div class=\"wp-block-latest-posts__post-excerpt\">Declaraci\u00f3n del D\u00eda de las Mujeres Trabajadoras El D\u00eda de la Mujer Trabajadora corresponde a una larga tradici\u00f3n de lucha,<p><a href=\"https:\/\/thedailysocialist.com\/recuperacion\/2023\/03\/08\/8-de-marzo-a-seguir-el-ejemplo-de-las-mujeres-iranies-y-afganas-luchar-contra-el-fundamentalismo-y-el-feminicidio\/\" class=\"more-link\">Continue reading<span class=\"screen-reader-text\">8 de marzo: A seguir el ejemplo de las mujeres iran\u00edes y afganas, luchar contra el fundamentalismo y el feminicidio<\/span><\/a><\/p><\/div><\/li>\n<\/ul>","protected":false},"excerpt":{"rendered":"<p>\u00c1frica<\/p>\n","protected":false},"author":1,"featured_media":0,"parent":0,"menu_order":0,"comment_status":"closed","ping_status":"closed","template":"","meta":{"footnotes":""},"class_list":["post-132","page","type-page","status-publish","hentry"],"_links":{"self":[{"href":"https:\/\/thedailysocialist.com\/recuperacion\/wp-json\/wp\/v2\/pages\/132","targetHints":{"allow":["GET"]}}],"collection":[{"href":"https:\/\/thedailysocialist.com\/recuperacion\/wp-json\/wp\/v2\/pages"}],"about":[{"href":"https:\/\/thedailysocialist.com\/recuperacion\/wp-json\/wp\/v2\/types\/page"}],"author":[{"embeddable":true,"href":"https:\/\/thedailysocialist.com\/recuperacion\/wp-json\/wp\/v2\/users\/1"}],"replies":[{"embeddable":true,"href":"https:\/\/thedailysocialist.com\/recuperacion\/wp-json\/wp\/v2\/comments?post=132"}],"version-history":[{"count":1,"href":"https:\/\/thedailysocialist.com\/recuperacion\/wp-json\/wp\/v2\/pages\/132\/revisions"}],"predecessor-version":[{"id":133,"href":"https:\/\/thedailysocialist.com\/recuperacion\/wp-json\/wp\/v2\/pages\/132\/revisions\/133"}],"wp:attachment":[{"href":"https:\/\/thedailysocialist.com\/recuperacion\/wp-json\/wp\/v2\/media?parent=132"}],"curies":[{"name":"wp","href":"https:\/\/api.w.org\/{rel}","templated":true}]}}