{"id":102,"date":"2023-05-07T01:20:19","date_gmt":"2023-05-07T01:20:19","guid":{"rendered":"https:\/\/thedailysocialist.com\/recuperacion\/?page_id=102"},"modified":"2023-05-07T01:20:19","modified_gmt":"2023-05-07T01:20:19","slug":"juventud","status":"publish","type":"page","link":"https:\/\/thedailysocialist.com\/recuperacion\/juventud\/","title":{"rendered":"Juventud"},"content":{"rendered":"\n<h1 class=\"wp-block-heading has-text-align-center\"><strong>Juventud<\/strong><\/h1>\n\n\n<ul class=\"wp-block-latest-posts__list is-grid columns-3 has-dates alignwide wp-block-latest-posts\"><li><div class=\"wp-block-latest-posts__featured-image\"><img loading=\"lazy\" decoding=\"async\" width=\"791\" height=\"1024\" src=\"https:\/\/thedailysocialist.com\/recuperacion\/wp-content\/uploads\/2023\/05\/TWOIMP2-1187x1536-1-791x1024.png\" class=\"attachment-large size-large wp-post-image\" alt=\"\" style=\"\" srcset=\"https:\/\/thedailysocialist.com\/recuperacion\/wp-content\/uploads\/2023\/05\/TWOIMP2-1187x1536-1-791x1024.png 791w, https:\/\/thedailysocialist.com\/recuperacion\/wp-content\/uploads\/2023\/05\/TWOIMP2-1187x1536-1-232x300.png 232w, https:\/\/thedailysocialist.com\/recuperacion\/wp-content\/uploads\/2023\/05\/TWOIMP2-1187x1536-1-768x994.png 768w, https:\/\/thedailysocialist.com\/recuperacion\/wp-content\/uploads\/2023\/05\/TWOIMP2-1187x1536-1.png 1187w\" sizes=\"auto, (max-width: 791px) 100vw, 791px\" \/><\/div><a class=\"wp-block-latest-posts__post-title\" href=\"https:\/\/thedailysocialist.com\/recuperacion\/2023\/04\/26\/por-un-1ro-de-mayo-obrero-socialista-e-internacionalista\/\">\u00a1Por un 1ro de Mayo Obrero, Socialista e Internacionalista!<\/a><time datetime=\"2023-04-26T00:07:00+00:00\" class=\"wp-block-latest-posts__post-date\">26 abril, 2023<\/time><div class=\"wp-block-latest-posts__post-excerpt\">Left Party (Izquierda Internacional) Hace casi 125 a\u00f1os atr\u00e1s, los socialistas lanzaron la iniciativa del 1ro. de mayo como un<p><a href=\"https:\/\/thedailysocialist.com\/recuperacion\/2023\/04\/26\/por-un-1ro-de-mayo-obrero-socialista-e-internacionalista\/\" class=\"more-link\">Continue reading<span class=\"screen-reader-text\">\u00a1Por un 1ro de Mayo Obrero, Socialista e Internacionalista!<\/span><\/a><\/p><\/div><\/li>\n<li><div class=\"wp-block-latest-posts__featured-image\"><img loading=\"lazy\" decoding=\"async\" width=\"720\" height=\"800\" src=\"https:\/\/thedailysocialist.com\/recuperacion\/wp-content\/uploads\/2023\/05\/8-de-marzo-dia-internacional-de-la-mujer-trabajadora-clasista-y-combativo-contra-el-fundamentalismo-y-el-feminicidio-copia-2.png\" class=\"attachment-large size-large wp-post-image\" alt=\"\" style=\"\" srcset=\"https:\/\/thedailysocialist.com\/recuperacion\/wp-content\/uploads\/2023\/05\/8-de-marzo-dia-internacional-de-la-mujer-trabajadora-clasista-y-combativo-contra-el-fundamentalismo-y-el-feminicidio-copia-2.png 720w, https:\/\/thedailysocialist.com\/recuperacion\/wp-content\/uploads\/2023\/05\/8-de-marzo-dia-internacional-de-la-mujer-trabajadora-clasista-y-combativo-contra-el-fundamentalismo-y-el-feminicidio-copia-2-270x300.png 270w\" sizes=\"auto, (max-width: 720px) 100vw, 720px\" \/><\/div><a class=\"wp-block-latest-posts__post-title\" href=\"https:\/\/thedailysocialist.com\/recuperacion\/2023\/03\/08\/8-de-marzo-a-seguir-el-ejemplo-de-las-mujeres-iranies-y-afganas-luchar-contra-el-fundamentalismo-y-el-feminicidio\/\">8 de marzo: A seguir el ejemplo de las mujeres iran\u00edes y afganas, luchar contra el fundamentalismo y el feminicidio<\/a><time datetime=\"2023-03-08T23:55:00+00:00\" class=\"wp-block-latest-posts__post-date\">8 marzo, 2023<\/time><div class=\"wp-block-latest-posts__post-excerpt\">Declaraci\u00f3n del D\u00eda de las Mujeres Trabajadoras El D\u00eda de la Mujer Trabajadora corresponde a una larga tradici\u00f3n de lucha,<p><a href=\"https:\/\/thedailysocialist.com\/recuperacion\/2023\/03\/08\/8-de-marzo-a-seguir-el-ejemplo-de-las-mujeres-iranies-y-afganas-luchar-contra-el-fundamentalismo-y-el-feminicidio\/\" class=\"more-link\">Continue reading<span class=\"screen-reader-text\">8 de marzo: A seguir el ejemplo de las mujeres iran\u00edes y afganas, luchar contra el fundamentalismo y el feminicidio<\/span><\/a><\/p><\/div><\/li>\n<li><div class=\"wp-block-latest-posts__featured-image\"><img loading=\"lazy\" decoding=\"async\" width=\"880\" height=\"660\" src=\"https:\/\/thedailysocialist.com\/recuperacion\/wp-content\/uploads\/2023\/05\/EEUUMexico-LA-VENGANZA-DE-MOCTEZUMA-De-los-Derechos-de-los-Inmigrantes-a-la-Liberacion-Naciona.jpg\" class=\"attachment-large size-large wp-post-image\" alt=\"\" style=\"\" srcset=\"https:\/\/thedailysocialist.com\/recuperacion\/wp-content\/uploads\/2023\/05\/EEUUMexico-LA-VENGANZA-DE-MOCTEZUMA-De-los-Derechos-de-los-Inmigrantes-a-la-Liberacion-Naciona.jpg 1024w, https:\/\/thedailysocialist.com\/recuperacion\/wp-content\/uploads\/2023\/05\/EEUUMexico-LA-VENGANZA-DE-MOCTEZUMA-De-los-Derechos-de-los-Inmigrantes-a-la-Liberacion-Naciona-300x225.jpg 300w, https:\/\/thedailysocialist.com\/recuperacion\/wp-content\/uploads\/2023\/05\/EEUUMexico-LA-VENGANZA-DE-MOCTEZUMA-De-los-Derechos-de-los-Inmigrantes-a-la-Liberacion-Naciona-768x576.jpg 768w, https:\/\/thedailysocialist.com\/recuperacion\/wp-content\/uploads\/2023\/05\/EEUUMexico-LA-VENGANZA-DE-MOCTEZUMA-De-los-Derechos-de-los-Inmigrantes-a-la-Liberacion-Naciona-440x330.jpg 440w, https:\/\/thedailysocialist.com\/recuperacion\/wp-content\/uploads\/2023\/05\/EEUUMexico-LA-VENGANZA-DE-MOCTEZUMA-De-los-Derechos-de-los-Inmigrantes-a-la-Liberacion-Naciona-920x690.jpg 920w\" sizes=\"auto, (max-width: 880px) 100vw, 880px\" \/><\/div><a class=\"wp-block-latest-posts__post-title\" href=\"https:\/\/thedailysocialist.com\/recuperacion\/2023\/02\/22\/eeuu-mexico-la-venganza-de-moctezuma\/\">EEUU\/M\u00e9xico: LA VENGANZA DE MOCTEZUMA<\/a><time datetime=\"2023-02-22T07:32:00+00:00\" class=\"wp-block-latest-posts__post-date\">22 febrero, 2023<\/time><div class=\"wp-block-latest-posts__post-excerpt\">De los Derechos de los Inmigrantes a la Liberaci\u00f3n Nacional Carlos Petroni Revista de Izquierda Internacional \u2013 No. 1, Mayo<p><a href=\"https:\/\/thedailysocialist.com\/recuperacion\/2023\/02\/22\/eeuu-mexico-la-venganza-de-moctezuma\/\" class=\"more-link\">Continue reading<span class=\"screen-reader-text\">EEUU\/M\u00e9xico: LA VENGANZA DE MOCTEZUMA<\/span><\/a><\/p><\/div><\/li>\n<li><div class=\"wp-block-latest-posts__featured-image\"><img loading=\"lazy\" decoding=\"async\" width=\"880\" height=\"738\" src=\"https:\/\/thedailysocialist.com\/recuperacion\/wp-content\/uploads\/2023\/05\/policrisis-socialismo-o-extincion-izquierda-internacional.png\" class=\"attachment-large size-large wp-post-image\" alt=\"\" style=\"\" srcset=\"https:\/\/thedailysocialist.com\/recuperacion\/wp-content\/uploads\/2023\/05\/policrisis-socialismo-o-extincion-izquierda-internacional.png 940w, https:\/\/thedailysocialist.com\/recuperacion\/wp-content\/uploads\/2023\/05\/policrisis-socialismo-o-extincion-izquierda-internacional-300x251.png 300w, https:\/\/thedailysocialist.com\/recuperacion\/wp-content\/uploads\/2023\/05\/policrisis-socialismo-o-extincion-izquierda-internacional-768x644.png 768w\" sizes=\"auto, (max-width: 880px) 100vw, 880px\" \/><\/div><a class=\"wp-block-latest-posts__post-title\" href=\"https:\/\/thedailysocialist.com\/recuperacion\/2023\/02\/02\/policrisis-coyuntura-internacional\/\">Policrisis: Coyuntura internacional<\/a><time datetime=\"2023-02-02T07:22:00+00:00\" class=\"wp-block-latest-posts__post-date\">2 febrero, 2023<\/time><div class=\"wp-block-latest-posts__post-excerpt\">Coyuntura internacional\u00a0enero 2023 Carlos Petroni (Le\u00f3n P\u00e9rez) Aprobado por Izquierda Internacional El mundo ha comenzado a transitar por lo que<p><a href=\"https:\/\/thedailysocialist.com\/recuperacion\/2023\/02\/02\/policrisis-coyuntura-internacional\/\" class=\"more-link\">Continue reading<span class=\"screen-reader-text\">Policrisis: Coyuntura internacional<\/span><\/a><\/p><\/div><\/li>\n<li><div class=\"wp-block-latest-posts__featured-image\"><img loading=\"lazy\" decoding=\"async\" width=\"820\" height=\"312\" src=\"https:\/\/thedailysocialist.com\/recuperacion\/wp-content\/uploads\/2023\/05\/311599949_146637731409295_3247216172897210920_n-1.png\" class=\"attachment-large size-large wp-post-image\" alt=\"\" style=\"\" srcset=\"https:\/\/thedailysocialist.com\/recuperacion\/wp-content\/uploads\/2023\/05\/311599949_146637731409295_3247216172897210920_n-1.png 820w, https:\/\/thedailysocialist.com\/recuperacion\/wp-content\/uploads\/2023\/05\/311599949_146637731409295_3247216172897210920_n-1-300x114.png 300w, https:\/\/thedailysocialist.com\/recuperacion\/wp-content\/uploads\/2023\/05\/311599949_146637731409295_3247216172897210920_n-1-768x292.png 768w\" sizes=\"auto, (max-width: 820px) 100vw, 820px\" \/><\/div><a class=\"wp-block-latest-posts__post-title\" href=\"https:\/\/thedailysocialist.com\/recuperacion\/2022\/10\/21\/manifiesto-por-una-nueva-internacional-marxista-revolucionaria-y-anti-extincionista\/\">Manifiesto por una Nueva Internacional Marxista Revolucionaria y Anti-Extincionista<\/a><time datetime=\"2022-10-21T06:54:00+00:00\" class=\"wp-block-latest-posts__post-date\">21 octubre, 2022<\/time><div class=\"wp-block-latest-posts__post-excerpt\">Conferencia Internacional de Fundaci\u00f3n Ciudad de M\u00e9xico Octubre de 2022 #CambioClimatico #CrisisClim\u00e1tica #Revolucion #ColapsoCivilizatorio #Extinction #LuchaSocial #Socialismo #Comunismo #CalentamientoGlobal #Ecolog\u00eda<p><a href=\"https:\/\/thedailysocialist.com\/recuperacion\/2022\/10\/21\/manifiesto-por-una-nueva-internacional-marxista-revolucionaria-y-anti-extincionista\/\" class=\"more-link\">Continue reading<span class=\"screen-reader-text\">Manifiesto por una Nueva Internacional Marxista Revolucionaria y Anti-Extincionista<\/span><\/a><\/p><\/div><\/li>\n<li><div class=\"wp-block-latest-posts__featured-image\"><img loading=\"lazy\" decoding=\"async\" width=\"880\" height=\"660\" src=\"https:\/\/thedailysocialist.com\/recuperacion\/wp-content\/uploads\/2023\/05\/izquierdainfo_ukrania.jpg\" class=\"attachment-large size-large wp-post-image\" alt=\"\" style=\"\" srcset=\"https:\/\/thedailysocialist.com\/recuperacion\/wp-content\/uploads\/2023\/05\/izquierdainfo_ukrania.jpg 1024w, https:\/\/thedailysocialist.com\/recuperacion\/wp-content\/uploads\/2023\/05\/izquierdainfo_ukrania-300x225.jpg 300w, https:\/\/thedailysocialist.com\/recuperacion\/wp-content\/uploads\/2023\/05\/izquierdainfo_ukrania-768x576.jpg 768w, https:\/\/thedailysocialist.com\/recuperacion\/wp-content\/uploads\/2023\/05\/izquierdainfo_ukrania-440x330.jpg 440w, https:\/\/thedailysocialist.com\/recuperacion\/wp-content\/uploads\/2023\/05\/izquierdainfo_ukrania-920x690.jpg 920w\" sizes=\"auto, (max-width: 880px) 100vw, 880px\" \/><\/div><a class=\"wp-block-latest-posts__post-title\" href=\"https:\/\/thedailysocialist.com\/recuperacion\/2022\/10\/20\/tesis-sobre-la-guerra-dos-bloques-imperialistas-destruyen-ucrania\/\">Tesis sobre la guerra: Dos bloques imperialistas destruyen Ucrania<\/a><time datetime=\"2022-10-20T06:25:00+00:00\" class=\"wp-block-latest-posts__post-date\">20 octubre, 2022<\/time><div class=\"wp-block-latest-posts__post-excerpt\">\u00a1EE. UU.- OTAN y Rusia y sus aliados Fuera de Ucrania! \u00a1Por el derrotismo revolucionario! \u00a1Movilizarse y armarse contra los<p><a href=\"https:\/\/thedailysocialist.com\/recuperacion\/2022\/10\/20\/tesis-sobre-la-guerra-dos-bloques-imperialistas-destruyen-ucrania\/\" class=\"more-link\">Continue reading<span class=\"screen-reader-text\">Tesis sobre la guerra: Dos bloques imperialistas destruyen Ucrania<\/span><\/a><\/p><\/div><\/li>\n<\/ul>","protected":false},"excerpt":{"rendered":"<p>Juventud<\/p>\n","protected":false},"author":1,"featured_media":0,"parent":0,"menu_order":0,"comment_status":"closed","ping_status":"closed","template":"","meta":{"footnotes":""},"class_list":["post-102","page","type-page","status-publish","hentry"],"_links":{"self":[{"href":"https:\/\/thedailysocialist.com\/recuperacion\/wp-json\/wp\/v2\/pages\/102","targetHints":{"allow":["GET"]}}],"collection":[{"href":"https:\/\/thedailysocialist.com\/recuperacion\/wp-json\/wp\/v2\/pages"}],"about":[{"href":"https:\/\/thedailysocialist.com\/recuperacion\/wp-json\/wp\/v2\/types\/page"}],"author":[{"embeddable":true,"href":"https:\/\/thedailysocialist.com\/recuperacion\/wp-json\/wp\/v2\/users\/1"}],"replies":[{"embeddable":true,"href":"https:\/\/thedailysocialist.com\/recuperacion\/wp-json\/wp\/v2\/comments?post=102"}],"version-history":[{"count":1,"href":"https:\/\/thedailysocialist.com\/recuperacion\/wp-json\/wp\/v2\/pages\/102\/revisions"}],"predecessor-version":[{"id":103,"href":"https:\/\/thedailysocialist.com\/recuperacion\/wp-json\/wp\/v2\/pages\/102\/revisions\/103"}],"wp:attachment":[{"href":"https:\/\/thedailysocialist.com\/recuperacion\/wp-json\/wp\/v2\/media?parent=102"}],"curies":[{"name":"wp","href":"https:\/\/api.w.org\/{rel}","templated":true}]}}

<h1 class="wp-block-heading has-text-align-center"><strong>Juventud</strong></h1>


<ul class="wp-block-latest-posts__list is-grid columns-3 has-dates alignwide wp-block-latest-posts"><li><div class="wp-block-latest-posts__featured-image"><img loading="lazy" decoding="async" width="791" height="1024" src="https://thedailysocialist.com/recuperacion/wp-content/uploads/2023/05/TWOIMP2-1187x1536-1-791x1024.png" class="attachment-large size-large wp-post-image" alt="" style="" srcset="https://thedailysocialist.com/recuperacion/wp-content/uploads/2023/05/TWOIMP2-1187x1536-1-791x1024.png 791w, https://thedailysocialist.com/recuperacion/wp-content/uploads/2023/05/TWOIMP2-1187x1536-1-232x300.png 232w, https://thedailysocialist.com/recuperacion/wp-content/uploads/2023/05/TWOIMP2-1187x1536-1-768x994.png 768w, https://thedailysocialist.com/recuperacion/wp-content/uploads/2023/05/TWOIMP2-1187x1536-1.png 1187w" sizes="auto, (max-width: 791px) 100vw, 791px" /></div><a class="wp-block-latest-posts__post-title" href="https://thedailysocialist.com/recuperacion/2023/04/26/por-un-1ro-de-mayo-obrero-socialista-e-internacionalista/">¡Por un 1ro de Mayo Obrero, Socialista e Internacionalista!</a><time datetime="2023-04-26T00:07:00+00:00" class="wp-block-latest-posts__post-date">26 abril, 2023</time><div class="wp-block-latest-posts__post-excerpt">Left Party (Izquierda Internacional) Hace casi 125 años atrás, los socialistas lanzaron la iniciativa del 1ro. de mayo como un<p><a href="https://thedailysocialist.com/recuperacion/2023/04/26/por-un-1ro-de-mayo-obrero-socialista-e-internacionalista/" class="more-link">Continue reading<span class="screen-reader-text">¡Por un 1ro de Mayo Obrero, Socialista e Internacionalista!</span></a></p></div></li>
<li><div class="wp-block-latest-posts__featured-image"><img loading="lazy" decoding="async" width="720" height="800" src="https://thedailysocialist.com/recuperacion/wp-content/uploads/2023/05/8-de-marzo-dia-internacional-de-la-mujer-trabajadora-clasista-y-combativo-contra-el-fundamentalismo-y-el-feminicidio-copia-2.png" class="attachment-large size-large wp-post-image" alt="" style="" srcset="https://thedailysocialist.com/recuperacion/wp-content/uploads/2023/05/8-de-marzo-dia-internacional-de-la-mujer-trabajadora-clasista-y-combativo-contra-el-fundamentalismo-y-el-feminicidio-copia-2.png 720w, https://thedailysocialist.com/recuperacion/wp-content/uploads/2023/05/8-de-marzo-dia-internacional-de-la-mujer-trabajadora-clasista-y-combativo-contra-el-fundamentalismo-y-el-feminicidio-copia-2-270x300.png 270w" sizes="auto, (max-width: 720px) 100vw, 720px" /></div><a class="wp-block-latest-posts__post-title" href="https://thedailysocialist.com/recuperacion/2023/03/08/8-de-marzo-a-seguir-el-ejemplo-de-las-mujeres-iranies-y-afganas-luchar-contra-el-fundamentalismo-y-el-feminicidio/">8 de marzo: A seguir el ejemplo de las mujeres iraníes y afganas, luchar contra el fundamentalismo y el feminicidio</a><time datetime="2023-03-08T23:55:00+00:00" class="wp-block-latest-posts__post-date">8 marzo, 2023</time><div class="wp-block-latest-posts__post-excerpt">Declaración del Día de las Mujeres Trabajadoras El Día de la Mujer Trabajadora corresponde a una larga tradición de lucha,<p><a href="https://thedailysocialist.com/recuperacion/2023/03/08/8-de-marzo-a-seguir-el-ejemplo-de-las-mujeres-iranies-y-afganas-luchar-contra-el-fundamentalismo-y-el-feminicidio/" class="more-link">Continue reading<span class="screen-reader-text">8 de marzo: A seguir el ejemplo de las mujeres iraníes y afganas, luchar contra el fundamentalismo y el feminicidio</span></a></p></div></li>
<li><div class="wp-block-latest-posts__featured-image"><img loading="lazy" decoding="async" width="880" height="660" src="https://thedailysocialist.com/recuperacion/wp-content/uploads/2023/05/EEUUMexico-LA-VENGANZA-DE-MOCTEZUMA-De-los-Derechos-de-los-Inmigrantes-a-la-Liberacion-Naciona.jpg" class="attachment-large size-large wp-post-image" alt="" style="" srcset="https://thedailysocialist.com/recuperacion/wp-content/uploads/2023/05/EEUUMexico-LA-VENGANZA-DE-MOCTEZUMA-De-los-Derechos-de-los-Inmigrantes-a-la-Liberacion-Naciona.jpg 1024w, https://thedailysocialist.com/recuperacion/wp-content/uploads/2023/05/EEUUMexico-LA-VENGANZA-DE-MOCTEZUMA-De-los-Derechos-de-los-Inmigrantes-a-la-Liberacion-Naciona-300x225.jpg 300w, https://thedailysocialist.com/recuperacion/wp-content/uploads/2023/05/EEUUMexico-LA-VENGANZA-DE-MOCTEZUMA-De-los-Derechos-de-los-Inmigrantes-a-la-Liberacion-Naciona-768x576.jpg 768w, https://thedailysocialist.com/recuperacion/wp-content/uploads/2023/05/EEUUMexico-LA-VENGANZA-DE-MOCTEZUMA-De-los-Derechos-de-los-Inmigrantes-a-la-Liberacion-Naciona-440x330.jpg 440w, https://thedailysocialist.com/recuperacion/wp-content/uploads/2023/05/EEUUMexico-LA-VENGANZA-DE-MOCTEZUMA-De-los-Derechos-de-los-Inmigrantes-a-la-Liberacion-Naciona-920x690.jpg 920w" sizes="auto, (max-width: 880px) 100vw, 880px" /></div><a class="wp-block-latest-posts__post-title" href="https://thedailysocialist.com/recuperacion/2023/02/22/eeuu-mexico-la-venganza-de-moctezuma/">EEUU/México: LA VENGANZA DE MOCTEZUMA</a><time datetime="2023-02-22T07:32:00+00:00" class="wp-block-latest-posts__post-date">22 febrero, 2023</time><div class="wp-block-latest-posts__post-excerpt">De los Derechos de los Inmigrantes a la Liberación Nacional Carlos Petroni Revista de Izquierda Internacional – No. 1, Mayo<p><a href="https://thedailysocialist.com/recuperacion/2023/02/22/eeuu-mexico-la-venganza-de-moctezuma/" class="more-link">Continue reading<span class="screen-reader-text">EEUU/México: LA VENGANZA DE MOCTEZUMA</span></a></p></div></li>
<li><div class="wp-block-latest-posts__featured-image"><img loading="lazy" decoding="async" width="880" height="738" src="https://thedailysocialist.com/recuperacion/wp-content/uploads/2023/05/policrisis-socialismo-o-extincion-izquierda-internacional.png" class="attachment-large size-large wp-post-image" alt="" style="" srcset="https://thedailysocialist.com/recuperacion/wp-content/uploads/2023/05/policrisis-socialismo-o-extincion-izquierda-internacional.png 940w, https://thedailysocialist.com/recuperacion/wp-content/uploads/2023/05/policrisis-socialismo-o-extincion-izquierda-internacional-300x251.png 300w, https://thedailysocialist.com/recuperacion/wp-content/uploads/2023/05/policrisis-socialismo-o-extincion-izquierda-internacional-768x644.png 768w" sizes="auto, (max-width: 880px) 100vw, 880px" /></div><a class="wp-block-latest-posts__post-title" href="https://thedailysocialist.com/recuperacion/2023/02/02/policrisis-coyuntura-internacional/">Policrisis: Coyuntura internacional</a><time datetime="2023-02-02T07:22:00+00:00" class="wp-block-latest-posts__post-date">2 febrero, 2023</time><div class="wp-block-latest-posts__post-excerpt">Coyuntura internacional enero 2023 Carlos Petroni (León Pérez) Aprobado por Izquierda Internacional El mundo ha comenzado a transitar por lo que<p><a href="https://thedailysocialist.com/recuperacion/2023/02/02/policrisis-coyuntura-internacional/" class="more-link">Continue reading<span class="screen-reader-text">Policrisis: Coyuntura internacional</span></a></p></div></li>
<li><div class="wp-block-latest-posts__featured-image"><img loading="lazy" decoding="async" width="820" height="312" src="https://thedailysocialist.com/recuperacion/wp-content/uploads/2023/05/311599949_146637731409295_3247216172897210920_n-1.png" class="attachment-large size-large wp-post-image" alt="" style="" srcset="https://thedailysocialist.com/recuperacion/wp-content/uploads/2023/05/311599949_146637731409295_3247216172897210920_n-1.png 820w, https://thedailysocialist.com/recuperacion/wp-content/uploads/2023/05/311599949_146637731409295_3247216172897210920_n-1-300x114.png 300w, https://thedailysocialist.com/recuperacion/wp-content/uploads/2023/05/311599949_146637731409295_3247216172897210920_n-1-768x292.png 768w" sizes="auto, (max-width: 820px) 100vw, 820px" /></div><a class="wp-block-latest-posts__post-title" href="https://thedailysocialist.com/recuperacion/2022/10/21/manifiesto-por-una-nueva-internacional-marxista-revolucionaria-y-anti-extincionista/">Manifiesto por una Nueva Internacional Marxista Revolucionaria y Anti-Extincionista</a><time datetime="2022-10-21T06:54:00+00:00" class="wp-block-latest-posts__post-date">21 octubre, 2022</time><div class="wp-block-latest-posts__post-excerpt">Conferencia Internacional de Fundación Ciudad de México Octubre de 2022 #CambioClimatico #CrisisClimática #Revolucion #ColapsoCivilizatorio #Extinction #LuchaSocial #Socialismo #Comunismo #CalentamientoGlobal #Ecología<p><a href="https://thedailysocialist.com/recuperacion/2022/10/21/manifiesto-por-una-nueva-internacional-marxista-revolucionaria-y-anti-extincionista/" class="more-link">Continue reading<span class="screen-reader-text">Manifiesto por una Nueva Internacional Marxista Revolucionaria y Anti-Extincionista</span></a></p></div></li>
<li><div class="wp-block-latest-posts__featured-image"><img loading="lazy" decoding="async" width="880" height="660" src="https://thedailysocialist.com/recuperacion/wp-content/uploads/2023/05/izquierdainfo_ukrania.jpg" class="attachment-large size-large wp-post-image" alt="" style="" srcset="https://thedailysocialist.com/recuperacion/wp-content/uploads/2023/05/izquierdainfo_ukrania.jpg 1024w, https://thedailysocialist.com/recuperacion/wp-content/uploads/2023/05/izquierdainfo_ukrania-300x225.jpg 300w, https://thedailysocialist.com/recuperacion/wp-content/uploads/2023/05/izquierdainfo_ukrania-768x576.jpg 768w, https://thedailysocialist.com/recuperacion/wp-content/uploads/2023/05/izquierdainfo_ukrania-440x330.jpg 440w, https://thedailysocialist.com/recuperacion/wp-content/uploads/2023/05/izquierdainfo_ukrania-920x690.jpg 920w" sizes="auto, (max-width: 880px) 100vw, 880px" /></div><a class="wp-block-latest-posts__post-title" href="https://thedailysocialist.com/recuperacion/2022/10/20/tesis-sobre-la-guerra-dos-bloques-imperialistas-destruyen-ucrania/">Tesis sobre la guerra: Dos bloques imperialistas destruyen Ucrania</a><time datetime="2022-10-20T06:25:00+00:00" class="wp-block-latest-posts__post-date">20 octubre, 2022</time><div class="wp-block-latest-posts__post-excerpt">¡EE. UU.- OTAN y Rusia y sus aliados Fuera de Ucrania! ¡Por el derrotismo revolucionario! ¡Movilizarse y armarse contra los<p><a href="https://thedailysocialist.com/recuperacion/2022/10/20/tesis-sobre-la-guerra-dos-bloques-imperialistas-destruyen-ucrania/" class="more-link">Continue reading<span class="screen-reader-text">Tesis sobre la guerra: Dos bloques imperialistas destruyen Ucrania</span></a></p></div></li>
</ul>
